{"id":840,"date":"2020-10-11T12:28:43","date_gmt":"2020-10-11T10:28:43","guid":{"rendered":"https:\/\/unatc.ro\/devunatc\/?page_id=840"},"modified":"2025-12-15T15:50:24","modified_gmt":"2025-12-15T13:50:24","slug":"ghid","status":"publish","type":"page","link":"https:\/\/unatc.ro\/devunatc\/erasmus\/ghid\/","title":{"rendered":"Ghid"},"content":{"rendered":"\n<h2 class=\"wp-block-heading\"><strong>Cum trebuie s\u0103 m\u0103 preg\u0103tesc pentru a deveni student Erasmus +?<\/strong><\/h2>\n\n\n\n<p>Afl\u0103 detalii despre program lu\u00e2nd leg\u0103tura cu Biroul Erasmus:<\/p>\n\n\n\n<ul class=\"wp-block-list\">\n<li>Etaj 1<\/li>\n\n\n\n<li>Persoane de contact: Raluca Dr\u0103gan \u0219i Ana-Maria V\u00e2n\u0103u<\/li>\n\n\n\n<li>Email: <a href=\"mailto:erasmus@unatc.ro\">erasmus@unatc.ro<\/a> \/ <a href=\"mailto:ana.vanau@unatc.ro\">ana.vanau@unatc.ro<\/a><\/li>\n<\/ul>\n\n\n\n<h2 class=\"wp-block-heading\"><strong>Cum se alege universitatea gazd\u0103<\/strong><\/h2>\n\n\n\n<ul class=\"wp-block-list\">\n<li>Consult\u0103 lista de universit\u0103\u0163i cu care UNATC are \u00eencheiate contracte inter-institu\u021bionale (g\u0103se\u0219ti lista pe site-ul UNATC, sec\u021biunea Erasmus\/universit\u0103\u021bi partenere).<\/li>\n\n\n\n<li>Consult\u0103 site-urile universit\u0103\u0163ilor partenere pentru a afla am\u0103nunte despre programele \u015fi disciplinele oferite pentru specialitatea ta (rubrica Erasmus+\/ studen\u021bi incoming)<\/li>\n\n\n\n<li>La \u00eenscriere se pot propune trei universit\u0103\u0163i pentru efectuarea mobilit\u0103\u021bii Erasmus+, complet\u00e2nd Application Form, pus la dispozi\u021bie de biroul Erasmus+.<\/li>\n<\/ul>\n\n\n\n<h2 class=\"wp-block-heading\"><strong>Criterii de eligibilitate pentru studen\u021bi<\/strong><\/h2>\n\n\n\n<p>Pentru a putea participa la o mobilitate Erasmus+ (de studiu, de practic\u0103 sau de scurt\u0103 durat\u0103), studen\u021bii UNATC trebuie s\u0103 \u00eendeplineasc\u0103 urm\u0103toarele condi\u021bii:<\/p>\n\n\n\n<ul class=\"wp-block-list\">\n<li>S\u0103 fie studen\u021bi \u00eenmatricula\u021bi la UNATC \u2013 la programele de licen\u021b\u0103, masterat sau doctorat;<\/li>\n\n\n\n<li>S\u0103 fie integrali\u0219ti, adic\u0103 s\u0103 nu aib\u0103 discipline restante din anii anteriori;<\/li>\n\n\n\n<li>S\u0103 aib\u0103 o medie general\u0103 minim\u0103 de 7 pentru anul universitar precedent celui \u00een care are loc selec\u021bia;<\/li>\n<\/ul>\n\n\n\n<h2 class=\"wp-block-heading\"><strong>Selec\u021bia participan\u021bilor<\/strong><\/h2>\n\n\n\n<p>Selec\u021biile pentru mobilit\u0103\u021bile de studiu \u0219i practic\u0103 sunt organizate periodic, iar perioadele de \u00eenscriere sunt comunicate studen\u021bilor prin intermediul adreselor de e-mail institu\u021bionale (ex: nume.prenume@unatc.ro).<\/p>\n\n\n\n<p>Pentru a participa la selec\u021bie, studen\u021bii trebuie s\u0103 transmit\u0103 \u00een format digital, p\u00e2n\u0103 la termenul limit\u0103 men\u021bionat \u00een e-mail, urm\u0103toarele documente, \u00een limba englez\u0103:<\/p>\n\n\n\n<ul class=\"wp-block-list\">\n<li>Scrisoare de motiva\u021bie;<\/li>\n\n\n\n<li>Scrisoare de recomandare din partea unui cadru didactic;<\/li>\n\n\n\n<li>Portofoliu artistic relevant pentru domeniul de studiu;<\/li>\n\n\n\n<li>Scrisoare de Acceptare (\u00een cazul mobilit\u0103\u021bilor de practic\u0103).<\/li>\n<\/ul>\n\n\n\n<p>Toate documentele se vor trimite exclusiv \u00een format digital, la urm\u0103toarele adrese de e-mail:<\/p>\n\n\n\n<p><strong>erasmus@unatc.ro<\/strong> \u0219i <strong>ana.vanau@unatc.ro<\/strong><\/p>\n\n\n\n<h2 class=\"wp-block-heading\"><strong>Selec\u021bia pentru mobilit\u0103\u021bile de practic\u0103 \u0219i pentru proaspe\u021bii absolven\u021bi<\/strong><\/h2>\n\n\n\n<p>O selec\u021bie dedicat\u0103 va fi organizat\u0103 \u0219i pentru mobilit\u0103\u021bile de practic\u0103, anun\u021bat\u0103 prin e-mail institu\u021bional \u0219i pe canalele oficiale.<\/p>\n\n\n\n<p>De asemenea, proaspe\u021bii absolven\u021bi pot participa la mobilit\u0103\u021bi de practic\u0103 Erasmus+, \u00een urma unei selec\u021bii speciale, cu condi\u021bia s\u0103 \u00ee\u0219i exprime inten\u021bia de participare \u00eenainte de finalizarea studiilor.<\/p>\n\n\n\n<p>Ace\u0219tia trebuie s\u0103 anun\u021be Biroul Erasmus+ pe durata ultimului semestru, pentru a fi inclu\u0219i \u00een procesul de selec\u021bie \u0219i programare a mobilit\u0103\u021bii post-absolvire.<\/p>\n\n\n\n<h2 class=\"wp-block-heading\"><strong>Learning Agreement<\/strong><\/h2>\n\n\n\n<p><a href=\"https:\/\/learning-agreement.eu\/\" target=\"_blank\" rel=\"noreferrer noopener\">Learning Agreement<\/a> este documentul oficial care stabile\u0219te activit\u0103\u021bile academice pe care un student le va desf\u0103\u0219ura \u00een cadrul mobilit\u0103\u021bii Erasmus+. Acesta asigur\u0103 recunoa\u0219terea studiilor sau a stagiului efectuat \u00een str\u0103in\u0103tate.<\/p>\n\n\n\n<p>Acordul se completeaz\u0103 \u00eenainte de plecare, \u00een colaborare cu coordonatorul Erasmus, \u0219i trebuie semnat de: student, institu\u021bia de trimitere, institu\u021bia gazd\u0103.<\/p>\n\n\n\n<p>Pentru mobilit\u0103\u021bile de studii, documentul include lista cursurilor \u0219i a num\u0103rului de credite (ECTS) care trebuie ob\u021binut pe parcursul stagiului de studii (30 ECTS\/semestru, 60 ECTS\/an academic), iar pentru stagiile de practic\u0103 sau BIP-uri, descrie activit\u0103\u021bile \u0219i rezultatele a\u0219teptate.<\/p>\n\n\n\n<h2 class=\"wp-block-heading\"><strong>Preg\u0103tiri pentru plecarea la universitatea gazd\u0103<\/strong><\/h2>\n\n\n\n<ul class=\"wp-block-list\">\n<li>\u00cenainte de plecare, studentul trebuie s\u0103 \u00ee\u0219i deschid\u0103 un cont bancar \u00een euro, pe numele s\u0103u, la orice banc\u0103 aleas\u0103. Dup\u0103 deschiderea contului, studentul transmite extrasul de cont (care s\u0103 con\u021bin\u0103 IBAN-ul, Swift, detaliile b\u0103ncii) \u0219i o copie a c\u0103r\u021bii de identitate c\u0103tre Biroul Erasmus, \u00een format digital (prin e-mail). Aceste documente sunt necesare pentru procesarea grantului Erasmus+ \u0219i finalizarea documenta\u021biei de mobilitate.<\/li>\n<\/ul>\n\n\n\n<ul class=\"wp-block-list\">\n<li>Contractul financiar se semneaz\u0103 \u00een dou\u0103 exemplare originale, unul din ele fiind p\u0103strat de beneficiar iar cel de al doilea de c\u0103tre Biroul Erasmus+. Contractul con\u0163ine obliga\u0163iile p\u0103r\u0163ilor contractante si informa\u0163ii privind grantul, num\u0103rul de tran\u0219e de trimitere a banilor, perioada de \u015federe \u00een str\u0103in\u0103tate, obliga\u0163iile financiare ale beneficiarului \u015fi sanc\u0163iunile prev\u0103zute \u00een cazul nerespect\u0103rii obliga\u0163iilor prev\u0103zute \u00een programul de studiu.<br>Faci aranjamentele de c\u0103l\u0103torie, inclusiv asigurarea de s\u0103n\u0103tate (de preferat Cardul European de Asigur\u0103ri de S\u0103n\u0103tate) \u015fi eventual \u00ee\u0163i procuri un card ISIC pentru diminuarea cheltuielilor de c\u0103l\u0103torie \u015fi de acces la facilit\u0103\u0163i \u00een \u0163ara gazd\u0103.<\/li>\n<\/ul>\n\n\n\n<h2 class=\"wp-block-heading\"><strong>Asigurare de s\u0103n\u0103tate<\/strong><\/h2>\n\n\n\n<p>Studentul este obligat s\u0103 de\u021bin\u0103 o asigurare medical\u0103 valabil\u0103 pe \u00eentreaga durat\u0103 a mobilit\u0103\u021bii Erasmus+. Aceasta poate fi:<\/p>\n\n\n\n<ul class=\"wp-block-list\">\n<li>Cardul European de Asigur\u0103ri Sociale de S\u0103n\u0103tate (CEASS), emis de casa de asigur\u0103ri din Rom\u00e2nia<\/li>\n<\/ul>\n\n\n\n<ul class=\"wp-block-list\">\n<li>o asigurare medical\u0103 privat\u0103, care s\u0103 acopere \u00eentreaga perioad\u0103 de \u0219edere \u00een str\u0103in\u0103tate.<\/li>\n<\/ul>\n\n\n\n<p>Universitatea nu ofer\u0103 \u0219i nu intermediaz\u0103 asigur\u0103ri medicale pentru studen\u021bi, responsabilitatea ob\u021binerii \u0219i prezent\u0103rii unei asigur\u0103ri valabile revenind exclusiv participantului la mobilitate.<\/p>\n\n\n\n<h2 class=\"wp-block-heading\"><strong>Posibilitatea de prelungire a mobilit\u0103\u021bii<\/strong><\/h2>\n\n\n\n<p>Studentul poate solicita prelungirea perioadei de mobilitate Erasmus+, \u00een func\u021bie de disponibilitatea fondurilor \u0219i cu acordul ambelor institu\u021bii partenere (universitatea de trimitere \u0219i cea gazd\u0103).<\/p>\n\n\n\n<p>Cererea de prelungire trebuie transmis\u0103 cu cel pu\u021bin o lun\u0103 \u00eenainte de finalul perioadei ini\u021biale de mobilitate, prin trimiterea documentelor corespunz\u0103toare (Scrisoare de inten\u021bie, Scrisoare de prelungire \u0219i actualizarea Learning Agreement-ului).<\/p>\n\n\n\n<p>Prelungirea mobilit\u0103\u021bii se poate aproba doar dac\u0103 exist\u0103 motive academice justificate \u0219i dac\u0103 perioada suplimentar\u0103 se \u00eencadreaz\u0103 \u00een limitele programului Erasmus+ (consult\u0103 biroul Erasmus+ pentru astfel de detalii).<\/p>\n\n\n\n<h2 class=\"wp-block-heading\"><strong>Documente necesare la \u00eentoarcere de la universitatea gazd\u0103<\/strong><\/h2>\n\n\n\n<p>La finalul perioadei Erasmus+, studentul trebuie s\u0103 transmit\u0103 c\u0103tre Biroul Erasmus+ documentele care confirm\u0103 finalizarea mobilit\u0103\u021bii.<\/p>\n\n\n\n<p>Documentul principal este Confirmation of Stay, emis \u0219i semnat de universitatea gazd\u0103, care atest\u0103 perioada exact\u0103 de desf\u0103\u0219urare a mobilit\u0103\u021bii (data de \u00eenceput \u0219i de sf\u00e2r\u0219it). Acesta se transmite \u00een format digital (scanat sau fotografiat clar) pe e-mail.<\/p>\n\n\n\n<h2 class=\"wp-block-heading\"><strong>Echivalare \u0219i Transcript of Records<\/strong><\/h2>\n\n\n\n<p>Dup\u0103 \u00eencheierea mobilit\u0103\u021bii Erasmus+, universitatea gazd\u0103 emite documentul Transcript of Records, care con\u021bine rezultatele academice ob\u021binute de student pe perioada \u0219ederii \u00een str\u0103in\u0103tate (discipline, credite ECTS \u0219i note).<\/p>\n\n\n\n<p>Pe baza acestui document, biroul Erasmus+ UNATC realizeaz\u0103 traducerea Transcript of Records \u0219i echivalarea notelor conform Grilei de conversie a notelor la nivel european \u0219i trimite documentul finalizat c\u0103tre secretariatele facult\u0103\u021bilor.<\/p>\n\n\n\n<p>Procesul de recunoa\u0219tere are ca scop asigurarea faptului c\u0103 toate rezultatele ob\u021binute \u00een mobilitate sunt recunoscute integral, f\u0103r\u0103 pierderea de credite sau \u00eent\u00e2rzieri academice.<\/p>\n\n\n\n<p>Studentul trebuie s\u0103 transmit\u0103 Transcript of Records c\u0103tre Biroul Erasmus+ imediat dup\u0103 primirea lui de la universitatea gazd\u0103.<\/p>\n\n\n\n<div style=\"height:50px\" aria-hidden=\"true\" class=\"wp-block-spacer\"><\/div>\n\n\n\n<div class=\"wp-block-file\"><a id=\"wp-block-file--media-65ab4d7d-32b6-4864-8aa5-5753cf86cfad\" href=\"https:\/\/unatc.ro\/devunatc\/wp-content\/uploads\/2025\/12\/grila-conversie-note.jpg\">Grila Conversie Note<\/a><a href=\"https:\/\/unatc.ro\/devunatc\/wp-content\/uploads\/2025\/12\/grila-conversie-note.jpg\" class=\"wp-block-file__button wp-element-button\" download aria-describedby=\"wp-block-file--media-65ab4d7d-32b6-4864-8aa5-5753cf86cfad\">Descarc\u0103<\/a><\/div>\n","protected":false},"excerpt":{"rendered":"<p class=\"no-padding\">Cum trebuie s\u0103 m\u0103 preg\u0103tesc pentru a deveni student Erasmus +? Afl\u0103 detalii despre program lu\u00e2nd leg\u0103tura cu Biroul Erasmus:&#8230;<\/p>\n","protected":false},"author":1,"featured_media":1232,"parent":19,"menu_order":0,"comment_status":"closed","ping_status":"closed","template":"template-tab-group.php","meta":{"footnotes":""},"class_list":["post-840","page","type-page","status-publish","has-post-thumbnail","hentry"],"acf":{"galerie_foto":null,"alternative_page_title":"","page_contact_email":"erasmus@unatc.ro"},"yoast_head":"<!-- This site is optimized with the Yoast SEO plugin v27.4 - https:\/\/yoast.com\/product\/yoast-seo-wordpress\/ -->\n<title>Ghid - UNATC<\/title>\n<meta name=\"robots\" content=\"index, follow, max-snippet:-1, max-image-preview:large, max-video-preview:-1\" \/>\n<link rel=\"canonical\" href=\"https:\/\/unatc.ro\/devunatc\/erasmus\/ghid\/\" \/>\n<meta property=\"og:locale\" content=\"en_US\" \/>\n<meta property=\"og:type\" content=\"article\" \/>\n<meta property=\"og:title\" content=\"Ghid - UNATC\" \/>\n<meta property=\"og:description\" content=\"Cum trebuie s\u0103 m\u0103 preg\u0103tesc pentru a deveni student Erasmus +? Afl\u0103 detalii despre program lu\u00e2nd leg\u0103tura cu Biroul Erasmus:...\" \/>\n<meta property=\"og:url\" content=\"https:\/\/unatc.ro\/devunatc\/erasmus\/ghid\/\" \/>\n<meta property=\"og:site_name\" content=\"UNATC\" \/>\n<meta property=\"article:publisher\" content=\"https:\/\/www.facebook.com\/UNATC.ILC\/\" \/>\n<meta property=\"article:modified_time\" content=\"2025-12-15T13:50:24+00:00\" \/>\n<meta property=\"og:image\" content=\"https:\/\/unatc.ro\/devunatc\/wp-content\/uploads\/2020\/10\/rel-internationale-scaled.jpg\" \/>\n\t<meta property=\"og:image:width\" content=\"2560\" \/>\n\t<meta property=\"og:image:height\" content=\"917\" \/>\n\t<meta property=\"og:image:type\" content=\"image\/jpeg\" \/>\n<meta name=\"twitter:card\" content=\"summary_large_image\" \/>\n<meta name=\"twitter:label1\" content=\"Est. reading time\" \/>\n\t<meta name=\"twitter:data1\" content=\"5 minutes\" \/>\n<script type=\"application\/ld+json\" class=\"yoast-schema-graph\">{\"@context\":\"https:\\\/\\\/schema.org\",\"@graph\":[{\"@type\":\"WebPage\",\"@id\":\"https:\\\/\\\/unatc.ro\\\/devunatc\\\/erasmus\\\/ghid\\\/\",\"url\":\"https:\\\/\\\/unatc.ro\\\/devunatc\\\/erasmus\\\/ghid\\\/\",\"name\":\"Ghid - UNATC\",\"isPartOf\":{\"@id\":\"https:\\\/\\\/unatc.ro\\\/devunatc\\\/#website\"},\"primaryImageOfPage\":{\"@id\":\"https:\\\/\\\/unatc.ro\\\/devunatc\\\/erasmus\\\/ghid\\\/#primaryimage\"},\"image\":{\"@id\":\"https:\\\/\\\/unatc.ro\\\/devunatc\\\/erasmus\\\/ghid\\\/#primaryimage\"},\"thumbnailUrl\":\"https:\\\/\\\/unatc.ro\\\/devunatc\\\/wp-content\\\/uploads\\\/2020\\\/10\\\/rel-internationale-scaled.jpg\",\"datePublished\":\"2020-10-11T10:28:43+00:00\",\"dateModified\":\"2025-12-15T13:50:24+00:00\",\"breadcrumb\":{\"@id\":\"https:\\\/\\\/unatc.ro\\\/devunatc\\\/erasmus\\\/ghid\\\/#breadcrumb\"},\"inLanguage\":\"en-US\",\"potentialAction\":[{\"@type\":\"ReadAction\",\"target\":[\"https:\\\/\\\/unatc.ro\\\/devunatc\\\/erasmus\\\/ghid\\\/\"]}]},{\"@type\":\"ImageObject\",\"inLanguage\":\"en-US\",\"@id\":\"https:\\\/\\\/unatc.ro\\\/devunatc\\\/erasmus\\\/ghid\\\/#primaryimage\",\"url\":\"https:\\\/\\\/unatc.ro\\\/devunatc\\\/wp-content\\\/uploads\\\/2020\\\/10\\\/rel-internationale-scaled.jpg\",\"contentUrl\":\"https:\\\/\\\/unatc.ro\\\/devunatc\\\/wp-content\\\/uploads\\\/2020\\\/10\\\/rel-internationale-scaled.jpg\",\"width\":2560,\"height\":917,\"caption\":\"UNATC International\"},{\"@type\":\"BreadcrumbList\",\"@id\":\"https:\\\/\\\/unatc.ro\\\/devunatc\\\/erasmus\\\/ghid\\\/#breadcrumb\",\"itemListElement\":[{\"@type\":\"ListItem\",\"position\":1,\"name\":\"Home\",\"item\":\"https:\\\/\\\/unatc.ro\\\/devunatc\\\/\"},{\"@type\":\"ListItem\",\"position\":2,\"name\":\"Erasmus+\",\"item\":\"https:\\\/\\\/unatc.ro\\\/devunatc\\\/erasmus\\\/\"},{\"@type\":\"ListItem\",\"position\":3,\"name\":\"Ghid\"}]},{\"@type\":\"WebSite\",\"@id\":\"https:\\\/\\\/unatc.ro\\\/devunatc\\\/#website\",\"url\":\"https:\\\/\\\/unatc.ro\\\/devunatc\\\/\",\"name\":\"UNATC\",\"description\":\"\",\"publisher\":{\"@id\":\"https:\\\/\\\/unatc.ro\\\/devunatc\\\/#organization\"},\"potentialAction\":[{\"@type\":\"SearchAction\",\"target\":{\"@type\":\"EntryPoint\",\"urlTemplate\":\"https:\\\/\\\/unatc.ro\\\/devunatc\\\/?s={search_term_string}\"},\"query-input\":{\"@type\":\"PropertyValueSpecification\",\"valueRequired\":true,\"valueName\":\"search_term_string\"}}],\"inLanguage\":\"en-US\"},{\"@type\":\"Organization\",\"@id\":\"https:\\\/\\\/unatc.ro\\\/devunatc\\\/#organization\",\"name\":\"UNATC\",\"url\":\"https:\\\/\\\/unatc.ro\\\/devunatc\\\/\",\"logo\":{\"@type\":\"ImageObject\",\"inLanguage\":\"en-US\",\"@id\":\"https:\\\/\\\/unatc.ro\\\/devunatc\\\/#\\\/schema\\\/logo\\\/image\\\/\",\"url\":\"https:\\\/\\\/unatc.ro\\\/devunatc\\\/wp-content\\\/uploads\\\/2025\\\/07\\\/unatc_logo.png\",\"contentUrl\":\"https:\\\/\\\/unatc.ro\\\/devunatc\\\/wp-content\\\/uploads\\\/2025\\\/07\\\/unatc_logo.png\",\"width\":480,\"height\":469,\"caption\":\"UNATC\"},\"image\":{\"@id\":\"https:\\\/\\\/unatc.ro\\\/devunatc\\\/#\\\/schema\\\/logo\\\/image\\\/\"},\"sameAs\":[\"https:\\\/\\\/www.facebook.com\\\/UNATC.ILC\\\/\",\"https:\\\/\\\/www.youtube.com\\\/c\\\/unatcilcaragiale\",\"https:\\\/\\\/www.instagram.com\\\/unatc_ilcaragiale\\\/?hl=en\",\"https:\\\/\\\/www.tiktok.com\\\/@unatc?lang=en\"]}]}<\/script>\n<!-- \/ Yoast SEO plugin. -->","yoast_head_json":{"title":"Ghid - UNATC","robots":{"index":"index","follow":"follow","max-snippet":"max-snippet:-1","max-image-preview":"max-image-preview:large","max-video-preview":"max-video-preview:-1"},"canonical":"https:\/\/unatc.ro\/devunatc\/erasmus\/ghid\/","og_locale":"en_US","og_type":"article","og_title":"Ghid - UNATC","og_description":"Cum trebuie s\u0103 m\u0103 preg\u0103tesc pentru a deveni student Erasmus +? Afl\u0103 detalii despre program lu\u00e2nd leg\u0103tura cu Biroul Erasmus:...","og_url":"https:\/\/unatc.ro\/devunatc\/erasmus\/ghid\/","og_site_name":"UNATC","article_publisher":"https:\/\/www.facebook.com\/UNATC.ILC\/","article_modified_time":"2025-12-15T13:50:24+00:00","og_image":[{"width":2560,"height":917,"url":"https:\/\/unatc.ro\/devunatc\/wp-content\/uploads\/2020\/10\/rel-internationale-scaled.jpg","type":"image\/jpeg"}],"twitter_card":"summary_large_image","twitter_misc":{"Est. reading time":"5 minutes"},"schema":{"@context":"https:\/\/schema.org","@graph":[{"@type":"WebPage","@id":"https:\/\/unatc.ro\/devunatc\/erasmus\/ghid\/","url":"https:\/\/unatc.ro\/devunatc\/erasmus\/ghid\/","name":"Ghid - UNATC","isPartOf":{"@id":"https:\/\/unatc.ro\/devunatc\/#website"},"primaryImageOfPage":{"@id":"https:\/\/unatc.ro\/devunatc\/erasmus\/ghid\/#primaryimage"},"image":{"@id":"https:\/\/unatc.ro\/devunatc\/erasmus\/ghid\/#primaryimage"},"thumbnailUrl":"https:\/\/unatc.ro\/devunatc\/wp-content\/uploads\/2020\/10\/rel-internationale-scaled.jpg","datePublished":"2020-10-11T10:28:43+00:00","dateModified":"2025-12-15T13:50:24+00:00","breadcrumb":{"@id":"https:\/\/unatc.ro\/devunatc\/erasmus\/ghid\/#breadcrumb"},"inLanguage":"en-US","potentialAction":[{"@type":"ReadAction","target":["https:\/\/unatc.ro\/devunatc\/erasmus\/ghid\/"]}]},{"@type":"ImageObject","inLanguage":"en-US","@id":"https:\/\/unatc.ro\/devunatc\/erasmus\/ghid\/#primaryimage","url":"https:\/\/unatc.ro\/devunatc\/wp-content\/uploads\/2020\/10\/rel-internationale-scaled.jpg","contentUrl":"https:\/\/unatc.ro\/devunatc\/wp-content\/uploads\/2020\/10\/rel-internationale-scaled.jpg","width":2560,"height":917,"caption":"UNATC International"},{"@type":"BreadcrumbList","@id":"https:\/\/unatc.ro\/devunatc\/erasmus\/ghid\/#breadcrumb","itemListElement":[{"@type":"ListItem","position":1,"name":"Home","item":"https:\/\/unatc.ro\/devunatc\/"},{"@type":"ListItem","position":2,"name":"Erasmus+","item":"https:\/\/unatc.ro\/devunatc\/erasmus\/"},{"@type":"ListItem","position":3,"name":"Ghid"}]},{"@type":"WebSite","@id":"https:\/\/unatc.ro\/devunatc\/#website","url":"https:\/\/unatc.ro\/devunatc\/","name":"UNATC","description":"","publisher":{"@id":"https:\/\/unatc.ro\/devunatc\/#organization"},"potentialAction":[{"@type":"SearchAction","target":{"@type":"EntryPoint","urlTemplate":"https:\/\/unatc.ro\/devunatc\/?s={search_term_string}"},"query-input":{"@type":"PropertyValueSpecification","valueRequired":true,"valueName":"search_term_string"}}],"inLanguage":"en-US"},{"@type":"Organization","@id":"https:\/\/unatc.ro\/devunatc\/#organization","name":"UNATC","url":"https:\/\/unatc.ro\/devunatc\/","logo":{"@type":"ImageObject","inLanguage":"en-US","@id":"https:\/\/unatc.ro\/devunatc\/#\/schema\/logo\/image\/","url":"https:\/\/unatc.ro\/devunatc\/wp-content\/uploads\/2025\/07\/unatc_logo.png","contentUrl":"https:\/\/unatc.ro\/devunatc\/wp-content\/uploads\/2025\/07\/unatc_logo.png","width":480,"height":469,"caption":"UNATC"},"image":{"@id":"https:\/\/unatc.ro\/devunatc\/#\/schema\/logo\/image\/"},"sameAs":["https:\/\/www.facebook.com\/UNATC.ILC\/","https:\/\/www.youtube.com\/c\/unatcilcaragiale","https:\/\/www.instagram.com\/unatc_ilcaragiale\/?hl=en","https:\/\/www.tiktok.com\/@unatc?lang=en"]}]}},"jetpack_sharing_enabled":true,"_links":{"self":[{"href":"https:\/\/unatc.ro\/devunatc\/wp-json\/wp\/v2\/pages\/840","targetHints":{"allow":["GET"]}}],"collection":[{"href":"https:\/\/unatc.ro\/devunatc\/wp-json\/wp\/v2\/pages"}],"about":[{"href":"https:\/\/unatc.ro\/devunatc\/wp-json\/wp\/v2\/types\/page"}],"author":[{"embeddable":true,"href":"https:\/\/unatc.ro\/devunatc\/wp-json\/wp\/v2\/users\/1"}],"replies":[{"embeddable":true,"href":"https:\/\/unatc.ro\/devunatc\/wp-json\/wp\/v2\/comments?post=840"}],"version-history":[{"count":7,"href":"https:\/\/unatc.ro\/devunatc\/wp-json\/wp\/v2\/pages\/840\/revisions"}],"predecessor-version":[{"id":16118,"href":"https:\/\/unatc.ro\/devunatc\/wp-json\/wp\/v2\/pages\/840\/revisions\/16118"}],"up":[{"embeddable":true,"href":"https:\/\/unatc.ro\/devunatc\/wp-json\/wp\/v2\/pages\/19"}],"wp:featuredmedia":[{"embeddable":true,"href":"https:\/\/unatc.ro\/devunatc\/wp-json\/wp\/v2\/media\/1232"}],"wp:attachment":[{"href":"https:\/\/unatc.ro\/devunatc\/wp-json\/wp\/v2\/media?parent=840"}],"curies":[{"name":"wp","href":"https:\/\/api.w.org\/{rel}","templated":true}]}}