{"id":7274,"date":"2022-02-28T14:29:48","date_gmt":"2022-02-28T12:29:48","guid":{"rendered":"https:\/\/unatc.ro\/devunatc\/?page_id=7274"},"modified":"2025-03-18T10:30:55","modified_gmt":"2025-03-18T08:30:55","slug":"biblioteca-unatc","status":"publish","type":"page","link":"https:\/\/unatc.ro\/devunatc\/cercetare\/biblioteca-unatc\/","title":{"rendered":"Biblioteca UNATC"},"content":{"rendered":"\n<p><em>\u201eAm socotit mereu bibliotecile \u0219i bibliotecarii solda\u021bii primei linii \u00een lupta cu lipsa de cultur\u0103 \u0219i de imagina\u021bie.\u201d (Neil Gaiman, American Gods, 2001)<\/em><\/p>\n\n\n\n<p>Istoria <em><strong>Bibliotecii UNATC<\/strong><\/em> se leag\u0103 intrinsic de apari\u021bia \u0219i dezvoltarea \u00eenv\u0103\u021b\u0103m\u00e2ntului teatral \u0219i cinematografic din \u021bara noastr\u0103 \u0219i coincide cu evolu\u021bia \u00een timp a <em>Universit\u0103\u021bii Na\u021bionale de Art\u0103 Teatral\u0103 \u0219i Cinematografic\u0103 \u201dI.L. Caragiale\u201d<\/em> din Bucure\u0219ti. Astfel, unul dintre cele mai importante momente din istoria Universit\u0103\u021bii, \u0219i anume \u00eenfiin\u021barea, \u00een anul 1954, a <em>Institutului de Art\u0103 Teatral\u0103 \u0219i Cinematografic\u0103 \u201eI.L. Caragiale\u201d <\/em>prin fuziunea <em>Institutului de Art\u0103 Cinematografic\u0103<\/em> (1950) cu <em>Institutului de Teatru \u201eI.L. Caragiale\u201d<\/em> (1984), marcheaz\u0103 \u00eenceputul existen\u021bei Bibliotecii, prin reunirea fondului de carte din cele dou\u0103 institute \u00eentr-un fond comun, rezult\u00e2nd un num\u0103r de 12.000 de volume.\u00a0<\/p>\n\n\n\n<p>Pe parcursul celor peste \u0219apte decenii de existen\u021b\u0103, <em><strong>Biblioteca UNATC<\/strong><\/em> \u0219i-a extins \u00een mod semnificativ spa\u021biile, \u0219i-a diversificat resursele \u0219i \u0219i-a \u00eembun\u0103t\u0103\u021bit serviciile, devenind un instrument vital pentru studen\u021bii, profesorii, cercet\u0103torii \u0219i profesioni\u0219tii din domeniile teatrului \u0219i cinematografiei. Ast\u0103zi, <em>Biblioteca<\/em> pune la dispozi\u021bia studen\u021bilor, cadrelor didactice \u0219i cercet\u0103torilor o colec\u021bie specializat\u0103 multilingv\u0103 de <strong>aproximativ 77.500 de c\u0103r\u021bi \u0219i periodice<\/strong>, organizate pe domenii, \u00een 6 s\u0103li de lectur\u0103, cu o capacitate de aproximativ 70 de locuri.&nbsp;<\/p>\n\n\n\n<p>Pe l\u00e2ng\u0103 tezele de doctorat ale unor speciali\u0219ti din domeniul teatrului, televiziunii \u0219i cinematografiei, \u00een bibliotec\u0103 se reg\u0103sesc o serie de documente rare \u0219i cu valoare bibliofil\u0103, inclusiv un exemplar din <em><strong>Triodion<\/strong>,<\/em> tip\u0103rit la <strong>Ia\u0219i \u00een anul 1747<\/strong>, edi\u021bii complete din autori rom\u00e2ni \u0219i str\u0103ini, precum \u0219i edi\u021bii vechi \u0219i valoroase ale marilor dramaturgi universali precum Moliere, Corneille, Racine, Shakespeare. Fondul de carte este \u00eennoit \u00een permanen\u021b\u0103 prin achizi\u021bionarea de publica\u021bii de specialitate, electronice \u0219i tradi\u021bionale, cele mai multe dintre acestea cump\u0103rate din finan\u021bare institu\u021bional\u0103 sau primite ca dona\u021bii.<\/p>\n\n\n\n<p>La <em><strong>Biblioteca UNATC<\/strong><\/em>, \u00eennoirea fondului de publica\u021bii merge \u00een paralel cu cea a infrastructurii, prin achizi\u021bia de echipamente tehnice noi, necesare procesului educa\u021bional. Dot\u0103rile de care dispune <em><strong>Biblioteca UNATC<\/strong><\/em> sunt adecvate fiec\u0103rui spa\u021biu accesibil publicului: s\u0103lile de lectur\u0103 dispun de mese \u0219i scaune, rafturi metalice \u0219i sc\u0103ri mobile din inox, cu sistem de glisare, precum \u0219i de 10 laptopuri Huawei Matebook, 1 imprimant\u0103 laser jet multifunc\u021bional\u0103, 2 scannere portabile CZUR, 1 Vinyl Player, 1 sistem DEL pe care este instalat un software pentru nev\u0103z\u0103tori \u0219i 2 plasme TV \u2013 o mare parte dintre aceste echipamente este amplasat\u0103 \u00eentr-o sal\u0103 de lectur\u0103 de tip centru multifunc\u021bional. Biblioteca dispune \u0219i de un oficiu, de tip chicinet\u0103, dotat cu chiuvet\u0103, fierb\u0103tor, c\u0103ni pentru ceai, mese, scaune \u0219i rafturi metalice pline cu c\u0103r\u021bi.&nbsp;<\/p>\n\n\n\n<p><em><strong>Biblioteca UNATC<\/strong><\/em> este, de asemenea, implicat\u0103 \u00eentr-un proiect amplu, derulat la nivelul \u00eentregii universit\u0103\u021bi, proiect finan\u021bat prin <em><strong>Planul Na\u021bional de Redresare \u0219i Rezilien\u021b\u0103 (PNRR)<\/strong><\/em>, care vizeaz\u0103 cre\u0219terea capacit\u0103\u021bii de rezilien\u021b\u0103 a sistemului educa\u021bional din cadrul <strong><em>Universit\u0103\u021bii Na\u021bionale de Art\u0103 Teatral\u0103 \u0219i Cinematografic\u0103 \u201dI.L. Caragiale<\/em>\u201d,<\/strong> prin modernizarea infrastructurii educa\u021bionale, \u00een vederea asigur\u0103rii unui proces educa\u021bional de calitate, modern \u0219i incluziv. Sta\u021biile de auto-\u00eemprumut \u0219i auto-restituire care urmeaz\u0103 a fi primate \u0219i instalate \u00een spa\u021biile Bibliotecii, permit scurtarea timpului de lucru pentru opera\u021biuni simple \u0219i repetitive \u0219i concentrarea aten\u021biei \u0219i eforturilor bibliotecarilor pe \u00eendrumarea studen\u021bilor, prin furnizarea de referin\u021be bibliografice complexe, recomandarea unor tipuri variate de resurse pe toate suporturile disponibile, selectarea \u0219i evaluarea resurselor necesare \u00een procesul de cercetare.<\/p>\n\n\n\n<p><strong>Contact Bibliotec\u0103:<\/strong>&nbsp;<\/p>\n\n\n\n<ul class=\"wp-block-list\">\n<li><a href=\"mailto:bibioteca@unatc.ro\">bibioteca@unatc.ro<\/a>&nbsp;<\/li>\n\n\n\n<li>Str. Matei Voievod 75-77, Sector 2, Bucure\u0219ti&nbsp;<\/li>\n\n\n\n<li>Director Biblioteca UNATC: <strong>Dr. Corina Dov\u00eenc\u0103<\/strong>, <a href=\"mailto:corina.dovinca@unatc.ro\">corina.dovinca@unatc.ro<\/a><\/li>\n<\/ul>\n","protected":false},"excerpt":{"rendered":"<p class=\"no-padding\">\u201eAm socotit mereu bibliotecile \u0219i bibliotecarii solda\u021bii primei linii \u00een lupta cu lipsa de cultur\u0103 \u0219i de imagina\u021bie.\u201d (Neil Gaiman,&#8230;<\/p>\n","protected":false},"author":1,"featured_media":7844,"parent":17,"menu_order":0,"comment_status":"closed","ping_status":"closed","template":"template-tab-group-color.php","meta":{"footnotes":""},"class_list":["post-7274","page","type-page","status-publish","has-post-thumbnail","hentry"],"acf":{"galerie_foto":null,"titlu_prezentare_departament":"","text_prezentare_departament":"","alternative_page_title":"","page_contact_email":""},"yoast_head":"<!-- This site is optimized with the Yoast SEO plugin v27.4 - https:\/\/yoast.com\/product\/yoast-seo-wordpress\/ -->\n<title>Biblioteca UNATC - UNATC<\/title>\n<meta name=\"robots\" content=\"index, follow, max-snippet:-1, max-image-preview:large, max-video-preview:-1\" \/>\n<link rel=\"canonical\" href=\"https:\/\/unatc.ro\/devunatc\/cercetare\/biblioteca-unatc\/\" \/>\n<meta property=\"og:locale\" content=\"en_US\" \/>\n<meta property=\"og:type\" content=\"article\" \/>\n<meta property=\"og:title\" content=\"Biblioteca UNATC - UNATC\" \/>\n<meta property=\"og:description\" content=\"\u201eAm socotit mereu bibliotecile \u0219i bibliotecarii solda\u021bii primei linii \u00een lupta cu lipsa de cultur\u0103 \u0219i de imagina\u021bie.\u201d (Neil Gaiman,...\" \/>\n<meta property=\"og:url\" content=\"https:\/\/unatc.ro\/devunatc\/cercetare\/biblioteca-unatc\/\" \/>\n<meta property=\"og:site_name\" content=\"UNATC\" \/>\n<meta property=\"article:publisher\" content=\"https:\/\/www.facebook.com\/UNATC.ILC\/\" \/>\n<meta property=\"article:modified_time\" content=\"2025-03-18T08:30:55+00:00\" \/>\n<meta property=\"og:image\" content=\"https:\/\/unatc.ro\/devunatc\/wp-content\/uploads\/2022\/04\/5-biblioteca.png\" \/>\n\t<meta property=\"og:image:width\" content=\"2560\" \/>\n\t<meta property=\"og:image:height\" content=\"917\" \/>\n\t<meta property=\"og:image:type\" content=\"image\/png\" \/>\n<meta name=\"twitter:card\" content=\"summary_large_image\" \/>\n<meta name=\"twitter:label1\" content=\"Est. reading time\" \/>\n\t<meta name=\"twitter:data1\" content=\"3 minutes\" \/>\n<script type=\"application\/ld+json\" class=\"yoast-schema-graph\">{\"@context\":\"https:\\\/\\\/schema.org\",\"@graph\":[{\"@type\":\"WebPage\",\"@id\":\"https:\\\/\\\/unatc.ro\\\/devunatc\\\/cercetare\\\/biblioteca-unatc\\\/\",\"url\":\"https:\\\/\\\/unatc.ro\\\/devunatc\\\/cercetare\\\/biblioteca-unatc\\\/\",\"name\":\"Biblioteca UNATC - UNATC\",\"isPartOf\":{\"@id\":\"https:\\\/\\\/unatc.ro\\\/devunatc\\\/#website\"},\"primaryImageOfPage\":{\"@id\":\"https:\\\/\\\/unatc.ro\\\/devunatc\\\/cercetare\\\/biblioteca-unatc\\\/#primaryimage\"},\"image\":{\"@id\":\"https:\\\/\\\/unatc.ro\\\/devunatc\\\/cercetare\\\/biblioteca-unatc\\\/#primaryimage\"},\"thumbnailUrl\":\"https:\\\/\\\/unatc.ro\\\/devunatc\\\/wp-content\\\/uploads\\\/2022\\\/04\\\/5-biblioteca.png\",\"datePublished\":\"2022-02-28T12:29:48+00:00\",\"dateModified\":\"2025-03-18T08:30:55+00:00\",\"breadcrumb\":{\"@id\":\"https:\\\/\\\/unatc.ro\\\/devunatc\\\/cercetare\\\/biblioteca-unatc\\\/#breadcrumb\"},\"inLanguage\":\"en-US\",\"potentialAction\":[{\"@type\":\"ReadAction\",\"target\":[\"https:\\\/\\\/unatc.ro\\\/devunatc\\\/cercetare\\\/biblioteca-unatc\\\/\"]}]},{\"@type\":\"ImageObject\",\"inLanguage\":\"en-US\",\"@id\":\"https:\\\/\\\/unatc.ro\\\/devunatc\\\/cercetare\\\/biblioteca-unatc\\\/#primaryimage\",\"url\":\"https:\\\/\\\/unatc.ro\\\/devunatc\\\/wp-content\\\/uploads\\\/2022\\\/04\\\/5-biblioteca.png\",\"contentUrl\":\"https:\\\/\\\/unatc.ro\\\/devunatc\\\/wp-content\\\/uploads\\\/2022\\\/04\\\/5-biblioteca.png\",\"width\":2560,\"height\":917},{\"@type\":\"BreadcrumbList\",\"@id\":\"https:\\\/\\\/unatc.ro\\\/devunatc\\\/cercetare\\\/biblioteca-unatc\\\/#breadcrumb\",\"itemListElement\":[{\"@type\":\"ListItem\",\"position\":1,\"name\":\"Home\",\"item\":\"https:\\\/\\\/unatc.ro\\\/devunatc\\\/\"},{\"@type\":\"ListItem\",\"position\":2,\"name\":\"Cercetare\",\"item\":\"https:\\\/\\\/unatc.ro\\\/devunatc\\\/cercetare\\\/\"},{\"@type\":\"ListItem\",\"position\":3,\"name\":\"Biblioteca UNATC\"}]},{\"@type\":\"WebSite\",\"@id\":\"https:\\\/\\\/unatc.ro\\\/devunatc\\\/#website\",\"url\":\"https:\\\/\\\/unatc.ro\\\/devunatc\\\/\",\"name\":\"UNATC\",\"description\":\"\",\"publisher\":{\"@id\":\"https:\\\/\\\/unatc.ro\\\/devunatc\\\/#organization\"},\"potentialAction\":[{\"@type\":\"SearchAction\",\"target\":{\"@type\":\"EntryPoint\",\"urlTemplate\":\"https:\\\/\\\/unatc.ro\\\/devunatc\\\/?s={search_term_string}\"},\"query-input\":{\"@type\":\"PropertyValueSpecification\",\"valueRequired\":true,\"valueName\":\"search_term_string\"}}],\"inLanguage\":\"en-US\"},{\"@type\":\"Organization\",\"@id\":\"https:\\\/\\\/unatc.ro\\\/devunatc\\\/#organization\",\"name\":\"UNATC\",\"url\":\"https:\\\/\\\/unatc.ro\\\/devunatc\\\/\",\"logo\":{\"@type\":\"ImageObject\",\"inLanguage\":\"en-US\",\"@id\":\"https:\\\/\\\/unatc.ro\\\/devunatc\\\/#\\\/schema\\\/logo\\\/image\\\/\",\"url\":\"https:\\\/\\\/unatc.ro\\\/devunatc\\\/wp-content\\\/uploads\\\/2025\\\/07\\\/unatc_logo.png\",\"contentUrl\":\"https:\\\/\\\/unatc.ro\\\/devunatc\\\/wp-content\\\/uploads\\\/2025\\\/07\\\/unatc_logo.png\",\"width\":480,\"height\":469,\"caption\":\"UNATC\"},\"image\":{\"@id\":\"https:\\\/\\\/unatc.ro\\\/devunatc\\\/#\\\/schema\\\/logo\\\/image\\\/\"},\"sameAs\":[\"https:\\\/\\\/www.facebook.com\\\/UNATC.ILC\\\/\",\"https:\\\/\\\/www.youtube.com\\\/c\\\/unatcilcaragiale\",\"https:\\\/\\\/www.instagram.com\\\/unatc_ilcaragiale\\\/?hl=en\",\"https:\\\/\\\/www.tiktok.com\\\/@unatc?lang=en\"]}]}<\/script>\n<!-- \/ Yoast SEO plugin. -->","yoast_head_json":{"title":"Biblioteca UNATC - UNATC","robots":{"index":"index","follow":"follow","max-snippet":"max-snippet:-1","max-image-preview":"max-image-preview:large","max-video-preview":"max-video-preview:-1"},"canonical":"https:\/\/unatc.ro\/devunatc\/cercetare\/biblioteca-unatc\/","og_locale":"en_US","og_type":"article","og_title":"Biblioteca UNATC - UNATC","og_description":"\u201eAm socotit mereu bibliotecile \u0219i bibliotecarii solda\u021bii primei linii \u00een lupta cu lipsa de cultur\u0103 \u0219i de imagina\u021bie.\u201d (Neil Gaiman,...","og_url":"https:\/\/unatc.ro\/devunatc\/cercetare\/biblioteca-unatc\/","og_site_name":"UNATC","article_publisher":"https:\/\/www.facebook.com\/UNATC.ILC\/","article_modified_time":"2025-03-18T08:30:55+00:00","og_image":[{"width":2560,"height":917,"url":"https:\/\/unatc.ro\/devunatc\/wp-content\/uploads\/2022\/04\/5-biblioteca.png","type":"image\/png"}],"twitter_card":"summary_large_image","twitter_misc":{"Est. reading time":"3 minutes"},"schema":{"@context":"https:\/\/schema.org","@graph":[{"@type":"WebPage","@id":"https:\/\/unatc.ro\/devunatc\/cercetare\/biblioteca-unatc\/","url":"https:\/\/unatc.ro\/devunatc\/cercetare\/biblioteca-unatc\/","name":"Biblioteca UNATC - UNATC","isPartOf":{"@id":"https:\/\/unatc.ro\/devunatc\/#website"},"primaryImageOfPage":{"@id":"https:\/\/unatc.ro\/devunatc\/cercetare\/biblioteca-unatc\/#primaryimage"},"image":{"@id":"https:\/\/unatc.ro\/devunatc\/cercetare\/biblioteca-unatc\/#primaryimage"},"thumbnailUrl":"https:\/\/unatc.ro\/devunatc\/wp-content\/uploads\/2022\/04\/5-biblioteca.png","datePublished":"2022-02-28T12:29:48+00:00","dateModified":"2025-03-18T08:30:55+00:00","breadcrumb":{"@id":"https:\/\/unatc.ro\/devunatc\/cercetare\/biblioteca-unatc\/#breadcrumb"},"inLanguage":"en-US","potentialAction":[{"@type":"ReadAction","target":["https:\/\/unatc.ro\/devunatc\/cercetare\/biblioteca-unatc\/"]}]},{"@type":"ImageObject","inLanguage":"en-US","@id":"https:\/\/unatc.ro\/devunatc\/cercetare\/biblioteca-unatc\/#primaryimage","url":"https:\/\/unatc.ro\/devunatc\/wp-content\/uploads\/2022\/04\/5-biblioteca.png","contentUrl":"https:\/\/unatc.ro\/devunatc\/wp-content\/uploads\/2022\/04\/5-biblioteca.png","width":2560,"height":917},{"@type":"BreadcrumbList","@id":"https:\/\/unatc.ro\/devunatc\/cercetare\/biblioteca-unatc\/#breadcrumb","itemListElement":[{"@type":"ListItem","position":1,"name":"Home","item":"https:\/\/unatc.ro\/devunatc\/"},{"@type":"ListItem","position":2,"name":"Cercetare","item":"https:\/\/unatc.ro\/devunatc\/cercetare\/"},{"@type":"ListItem","position":3,"name":"Biblioteca UNATC"}]},{"@type":"WebSite","@id":"https:\/\/unatc.ro\/devunatc\/#website","url":"https:\/\/unatc.ro\/devunatc\/","name":"UNATC","description":"","publisher":{"@id":"https:\/\/unatc.ro\/devunatc\/#organization"},"potentialAction":[{"@type":"SearchAction","target":{"@type":"EntryPoint","urlTemplate":"https:\/\/unatc.ro\/devunatc\/?s={search_term_string}"},"query-input":{"@type":"PropertyValueSpecification","valueRequired":true,"valueName":"search_term_string"}}],"inLanguage":"en-US"},{"@type":"Organization","@id":"https:\/\/unatc.ro\/devunatc\/#organization","name":"UNATC","url":"https:\/\/unatc.ro\/devunatc\/","logo":{"@type":"ImageObject","inLanguage":"en-US","@id":"https:\/\/unatc.ro\/devunatc\/#\/schema\/logo\/image\/","url":"https:\/\/unatc.ro\/devunatc\/wp-content\/uploads\/2025\/07\/unatc_logo.png","contentUrl":"https:\/\/unatc.ro\/devunatc\/wp-content\/uploads\/2025\/07\/unatc_logo.png","width":480,"height":469,"caption":"UNATC"},"image":{"@id":"https:\/\/unatc.ro\/devunatc\/#\/schema\/logo\/image\/"},"sameAs":["https:\/\/www.facebook.com\/UNATC.ILC\/","https:\/\/www.youtube.com\/c\/unatcilcaragiale","https:\/\/www.instagram.com\/unatc_ilcaragiale\/?hl=en","https:\/\/www.tiktok.com\/@unatc?lang=en"]}]}},"jetpack_sharing_enabled":true,"_links":{"self":[{"href":"https:\/\/unatc.ro\/devunatc\/wp-json\/wp\/v2\/pages\/7274","targetHints":{"allow":["GET"]}}],"collection":[{"href":"https:\/\/unatc.ro\/devunatc\/wp-json\/wp\/v2\/pages"}],"about":[{"href":"https:\/\/unatc.ro\/devunatc\/wp-json\/wp\/v2\/types\/page"}],"author":[{"embeddable":true,"href":"https:\/\/unatc.ro\/devunatc\/wp-json\/wp\/v2\/users\/1"}],"replies":[{"embeddable":true,"href":"https:\/\/unatc.ro\/devunatc\/wp-json\/wp\/v2\/comments?post=7274"}],"version-history":[{"count":8,"href":"https:\/\/unatc.ro\/devunatc\/wp-json\/wp\/v2\/pages\/7274\/revisions"}],"predecessor-version":[{"id":14715,"href":"https:\/\/unatc.ro\/devunatc\/wp-json\/wp\/v2\/pages\/7274\/revisions\/14715"}],"up":[{"embeddable":true,"href":"https:\/\/unatc.ro\/devunatc\/wp-json\/wp\/v2\/pages\/17"}],"wp:featuredmedia":[{"embeddable":true,"href":"https:\/\/unatc.ro\/devunatc\/wp-json\/wp\/v2\/media\/7844"}],"wp:attachment":[{"href":"https:\/\/unatc.ro\/devunatc\/wp-json\/wp\/v2\/media?parent=7274"}],"curies":[{"name":"wp","href":"https:\/\/api.w.org\/{rel}","templated":true}]}}