{"id":7269,"date":"2022-02-28T14:25:02","date_gmt":"2022-02-28T12:25:02","guid":{"rendered":"https:\/\/unatc.ro\/devunatc\/?page_id=7269"},"modified":"2022-04-05T16:08:44","modified_gmt":"2022-04-05T14:08:44","slug":"cinetic","status":"publish","type":"page","link":"https:\/\/unatc.ro\/devunatc\/cercetare\/cinetic\/","title":{"rendered":"CINETic"},"content":{"rendered":"\n<p><em>\u201eOdat\u0103 atins un anumit nivel \u00een abilit\u0103\u021bile tehnice, \u0219tiin\u021ba \u0219i arta tind s\u0103 se contopeasc\u0103 \u00een estetic\u0103, plasticitate \u0219i form\u0103. Cei mai mari oameni de \u0219tiin\u021b\u0103 sunt \u0219i arti\u0219ti.\u201d (Albert Einstein)<\/em><\/p>\n\n\n\n<p><strong>CINETic \u2013 Centrul Interna\u021bional de Cercetare \u0219i Educa\u021bie \u00een Tehnologii Inovativ Creative<\/strong>&nbsp;<\/p>\n\n\n\n<p><a href=\"https:\/\/cinetic.arts.ro\/despre\/\">CINETic<\/a> a fost \u00eenfiin\u021bat \u00een anul 2015, \u00een cadrul UNATC \u201eI.L. Caragiale\u201d Bucure\u0219ti, ca centru de cercetare \u00een domeniul interac\u021biunii digitale \u0219i al neuro\u0219tiin\u0163ei aplicate \u00een arte performative \u0219i film. Investi\u0163ia necesar\u0103 infrastructurii CINETic a fost finan\u0163at\u0103 printr\u2011un grant POSCCE de 8 milioane de Euro, av\u00e2nd ca obiectiv deschiderea de noi centre de cercetare \u0219i dezvoltarea celor deja existente. Prin finan\u0163area acordat\u0103, UNATC a achizi\u0163ionat o cl\u0103dire pentru CINETic \u0219i a dotat laboratoarele cu echipament de ultim\u0103 or\u0103 pentru interac\u0163iune digital\u0103, \u00een valoare de peste 3,5 milioane de Euro.<\/p>\n\n\n\n<p>Misiunea principal\u0103 a CINETic este de a dezvolta cuno\u0219tin\u0163e \u0219i de a inova la nivel interna\u0163ional, \u00een domeniul artelor performative \u0219i filmului, precum \u0219i \u00een domeniile care duc la dezvoltarea \u0219i transformarea lor. Cuno\u0219tin\u0163ele dob\u00e2ndite \u00een teatru \u0219i film sunt extinse prin cercetare \u0219i inovare \u00een proiecte interdisciplinare care reunesc arta, \u0219tiin\u0163a \u0219i tehnologia.<\/p>\n\n\n\n<p>CINETic are \u00een structur\u0103 <strong>6<\/strong> <strong>laboratoare<\/strong>:<\/p>\n\n\n\n<ol class=\"wp-block-list\"><li><a href=\"https:\/\/cinetic.arts.ro\/laboratoare\/lic\/\">Tehnici digitale creative \u00een cinematografie<\/a> (LIC)<\/li><li><a href=\"https:\/\/cinetic.arts.ro\/laboratoare\/lis\/\">Interac\u021biune digital\u0103 sunet lumin\u0103<\/a> (LIS)<\/li><li><a href=\"https:\/\/cinetic.arts.ro\/laboratoare\/lad\/\">Anima\u021bie digital\u0103<\/a> (LAD)<\/li><li><a href=\"https:\/\/cinetic.arts.ro\/laboratoare\/lar\/\">Design de decor virtual \u0219i realitate augmentat\u0103 <\/a>(LAR)<\/li><li><a href=\"https:\/\/cinetic.arts.ro\/laboratoare\/lid\/\">Interac\u021biune digital\u0103<\/a> (LID)<\/li><li><a href=\"https:\/\/cinetic.arts.ro\/laboratoare\/ldcapei\/\">Dezvoltare cognitiv\u0103 \u0219i psihologie aplicat\u0103 prin experien\u021be imersive<\/a> (LDCAPEI)<\/li><\/ol>\n\n\n\n<p>Cele mai importante <strong>sisteme tehnologice<\/strong> CINETic sunt:<\/p>\n\n\n\n<ul class=\"wp-block-list\"><li>CAVE &#8211; Sistem de proiectare stereoscopic\u0103 imersiv\u0103 pe patru ecrane<\/li><li>Sistem VICON (captare a mi\u0219c\u0103rii cu camere cu infraro\u0219u) \u0219i sistem CARA (captare a mi\u0219c\u0103rii faciale);<\/li><li>Sistem de analiz\u0103 a mi\u0219c\u0103rii cu camere video de mare vitez\u0103;<\/li><li>Sisteme de comand\u0103 a mi\u0219c\u0103rii camerelor de filmat, \u00een regim robotic (Modula &amp; Animoko);<\/li><li>Flux complet de produc\u0163ie 3D pentru cinematografie, anima\u0163ie \u0219i scenografie, cu Alexa SXT, Red Dragon, cu lentile sferice \u0219i anamorfe;<\/li><li>Instrumente de produc\u0163ie, inclusiv imprimare 3D \u0219i router CNC;<\/li><li>Diferite sisteme de colectare a datelor fiziologice (urm\u0103rirea mi\u0219c\u0103rii ochilor, GSR, ECG, EMG etc.) \u0219i electroencefalografie cu densitate mare (EEG) cu 256 de canale.<\/li><\/ul>\n\n\n\n<p><\/p>\n\n\n\n<p><strong>Proiecte \u00een desf\u0103\u0219urare la CINETic<\/strong><\/p>\n\n\n\n<p><a href=\"https:\/\/cinetic.arts.ro\/met\/\"><strong>MET<\/strong><\/a><strong> <\/strong><em>\u2013<\/em> Dezvoltarea unei metodologii de terapie prin teatru cu efect la nivel neurochimic \u0219i neurocognitiv<\/p>\n\n\n\n<p>Obiectivul general al proiectului este de a cerceta \u0219i dezvolta o metodologie de interven\u021bie preventiv\u0103, terapeutic\u0103, neinvaziv\u0103, de consolidare a comportamentelor pro-sociale \u0219i de management al stresului.<\/p>\n\n\n\n<p>\u00cencep\u00e2nd cu data 26.10.2016 de UNATC \u201eI.L. Caragiale\u201d desf\u0103\u0219oar\u0103 \u00een cadrul centrului CINETic, \u00een Laboratorul de Dezvoltare Cognitiv\u0103 prin Experien\u021be Imersive, proiectul de cercetare <em>Dezvoltarea unei metodologii de terapie prin teatru cu efect la nivel neurochimic \u0219i neurocognitiv \u2013 MET<\/em> (Contract de finan\u021bare: 147 \/ 26.10.2016 Axa prioritar\u0103 1, Ac\u021biunea: 1.1.4 Atragerea de personal cu competen\u021be avansate din str\u0103in\u0103tate pentru consolidarea capacit\u0103\u021bii de CD, cod SMIS 106688. Durata proiectului este de patru ani, valoarea total\u0103 a proiectului este de 8.636.928,24 lei).<\/p>\n\n\n\n<p>Coordonator program de cercetare: cerc. dr. Ioana Carcea<\/p>\n\n\n\n<p><a href=\"https:\/\/cinetic.arts.ro\/stad\/\"><strong>STAD<\/strong><\/a> <em>\u2013<\/em> Contagiunea social\u0103 a st\u0103rilor cognitive \u0219i emo\u021bionale \u00een procesul de \u00eengrijire a pacien\u021bilor cu Alzheimer<\/p>\n\n\n\n<p>Scopul acestui proiect de cercetare este de a dezvolta o interven\u021bie bazat\u0103 pe terapie teatral\u0103 \u0219i dram\u0103 pentru ameliorarea pierderii de memorie, a anxiet\u0103\u021bii, a agresivit\u0103\u021bii \u0219i a altor simptome psihiatrice care se manifest\u0103 \u00een boala Alzheimer.<\/p>\n\n\n\n<p>Proiectul <em>STAD \u2013 Contagiunea social\u0103 a st\u0103rilor cognitive \u0219i emo\u021bionale \u00een procesul de \u00eengrijire a pacien\u021bilor cu Alzheimer<\/em> \u2013 depus de laboratorul LDCAPEI al CINETic la European Economic Area Collaborative Research Projects, a fost selectat pentru finan\u021bare cu un buget multianual de 1,4 milioane de euro.<\/p>\n\n\n\n<p>Coordonator program de cercetare: cerc. dr. Ioana Carcea<\/p>\n\n\n\n<p><a href=\"https:\/\/eurostories.eu\/aboutus\/\"><strong>EUROPEAN STORIES<\/strong><\/a> <em>\u2013 <\/em>&nbsp;Cum se genereaz\u0103 microsisteme de turism local prin storytelling \u0219i noi tehnologii. Misiunea proiectului \u0219i implicarea UNATC a constat \u00een crearea unei metodologii de selec\u021bie a instrumentelor digitale utile \u00een crearea de con\u021binut pentru sectorul de turism \u0219i patrimoniu cultural. Instrumentele din <a href=\"https:\/\/eurostories.eu\/toolbox\/\">TOOLBOX<\/a> reunesc tehnologii diverse, de la foto \/ video 360, anima\u0163ie, audio, realitate augmentat\u0103 sau mixt\u0103, grafic\u0103, geoloca\u021bie \/ h\u0103r\u021bi, fotografie, re\u021bele sociale, video, jocuri video, realitate virtual\u0103, storytelling.&nbsp;<\/p>\n\n\n\n<p>Coordonator program de cercetare: conf.univ.dr. Alexandru Berceanu<\/p>\n\n\n\n<p><strong>Contact CINETic:<\/strong>&nbsp;<\/p>\n\n\n\n<ul class=\"wp-block-list\"><li><a href=\"mailto:cinetic@unatc.ro\">cinetic@unatc.ro<\/a>&nbsp;<\/li><li>telefon +40746230481<\/li><li>Str. Tudor Arghezi 3-b, Sector 2, Bucure\u0219ti&nbsp;<\/li><li><a href=\"https:\/\/cinetic.arts.ro\/\">cinetic.arts.ro&nbsp;<\/a><\/li><li>Director Tehnic: T\u0103nase Dumitru, <a href=\"mailto:tanase.dumitru@unatc.ro\">tanase.dumitru@unatc.ro<\/a>&nbsp;<\/li><li>Coordonator Programe: dr. Elena Belciu, <a href=\"mailto:elena.belciu@unatc.ro\">elena.belciu@unatc.ro<\/a>&nbsp;<\/li><li>Expert Marketing: Cristina Ni\u021bu: <a href=\"mailto:cristina.nitu@unatc.ro\">cristina.nitu@unatc.ro<\/a>&nbsp;&nbsp;&nbsp;<\/li><\/ul>\n","protected":false},"excerpt":{"rendered":"<p class=\"no-padding\">\u201eOdat\u0103 atins un anumit nivel \u00een abilit\u0103\u021bile tehnice, \u0219tiin\u021ba \u0219i arta tind s\u0103 se contopeasc\u0103 \u00een estetic\u0103, plasticitate \u0219i form\u0103&#8230;.<\/p>\n","protected":false},"author":1,"featured_media":7843,"parent":17,"menu_order":0,"comment_status":"closed","ping_status":"closed","template":"template-tab-group.php","meta":{"footnotes":""},"class_list":["post-7269","page","type-page","status-publish","has-post-thumbnail","hentry"],"acf":{"galerie_foto":null,"alternative_page_title":"","page_contact_email":""},"yoast_head":"<!-- This site is optimized with the Yoast SEO plugin v27.4 - https:\/\/yoast.com\/product\/yoast-seo-wordpress\/ -->\n<title>CINETic - UNATC<\/title>\n<meta name=\"robots\" content=\"index, follow, max-snippet:-1, max-image-preview:large, max-video-preview:-1\" \/>\n<link rel=\"canonical\" href=\"https:\/\/unatc.ro\/devunatc\/cercetare\/cinetic\/\" \/>\n<meta property=\"og:locale\" content=\"en_US\" \/>\n<meta property=\"og:type\" content=\"article\" \/>\n<meta property=\"og:title\" content=\"CINETic - UNATC\" \/>\n<meta property=\"og:description\" content=\"\u201eOdat\u0103 atins un anumit nivel \u00een abilit\u0103\u021bile tehnice, \u0219tiin\u021ba \u0219i arta tind s\u0103 se contopeasc\u0103 \u00een estetic\u0103, plasticitate \u0219i form\u0103....\" \/>\n<meta property=\"og:url\" content=\"https:\/\/unatc.ro\/devunatc\/cercetare\/cinetic\/\" \/>\n<meta property=\"og:site_name\" content=\"UNATC\" \/>\n<meta property=\"article:publisher\" content=\"https:\/\/www.facebook.com\/UNATC.ILC\/\" \/>\n<meta property=\"article:modified_time\" content=\"2022-04-05T14:08:44+00:00\" \/>\n<meta property=\"og:image\" content=\"https:\/\/unatc.ro\/devunatc\/wp-content\/uploads\/2022\/04\/4-cinetic.png\" \/>\n\t<meta property=\"og:image:width\" content=\"2560\" \/>\n\t<meta property=\"og:image:height\" content=\"917\" \/>\n\t<meta property=\"og:image:type\" content=\"image\/png\" \/>\n<meta name=\"twitter:card\" content=\"summary_large_image\" \/>\n<meta name=\"twitter:label1\" content=\"Est. reading time\" \/>\n\t<meta name=\"twitter:data1\" content=\"4 minutes\" \/>\n<script type=\"application\/ld+json\" class=\"yoast-schema-graph\">{\"@context\":\"https:\\\/\\\/schema.org\",\"@graph\":[{\"@type\":\"WebPage\",\"@id\":\"https:\\\/\\\/unatc.ro\\\/devunatc\\\/cercetare\\\/cinetic\\\/\",\"url\":\"https:\\\/\\\/unatc.ro\\\/devunatc\\\/cercetare\\\/cinetic\\\/\",\"name\":\"CINETic - UNATC\",\"isPartOf\":{\"@id\":\"https:\\\/\\\/unatc.ro\\\/devunatc\\\/#website\"},\"primaryImageOfPage\":{\"@id\":\"https:\\\/\\\/unatc.ro\\\/devunatc\\\/cercetare\\\/cinetic\\\/#primaryimage\"},\"image\":{\"@id\":\"https:\\\/\\\/unatc.ro\\\/devunatc\\\/cercetare\\\/cinetic\\\/#primaryimage\"},\"thumbnailUrl\":\"https:\\\/\\\/unatc.ro\\\/devunatc\\\/wp-content\\\/uploads\\\/2022\\\/04\\\/4-cinetic.png\",\"datePublished\":\"2022-02-28T12:25:02+00:00\",\"dateModified\":\"2022-04-05T14:08:44+00:00\",\"breadcrumb\":{\"@id\":\"https:\\\/\\\/unatc.ro\\\/devunatc\\\/cercetare\\\/cinetic\\\/#breadcrumb\"},\"inLanguage\":\"en-US\",\"potentialAction\":[{\"@type\":\"ReadAction\",\"target\":[\"https:\\\/\\\/unatc.ro\\\/devunatc\\\/cercetare\\\/cinetic\\\/\"]}]},{\"@type\":\"ImageObject\",\"inLanguage\":\"en-US\",\"@id\":\"https:\\\/\\\/unatc.ro\\\/devunatc\\\/cercetare\\\/cinetic\\\/#primaryimage\",\"url\":\"https:\\\/\\\/unatc.ro\\\/devunatc\\\/wp-content\\\/uploads\\\/2022\\\/04\\\/4-cinetic.png\",\"contentUrl\":\"https:\\\/\\\/unatc.ro\\\/devunatc\\\/wp-content\\\/uploads\\\/2022\\\/04\\\/4-cinetic.png\",\"width\":2560,\"height\":917},{\"@type\":\"BreadcrumbList\",\"@id\":\"https:\\\/\\\/unatc.ro\\\/devunatc\\\/cercetare\\\/cinetic\\\/#breadcrumb\",\"itemListElement\":[{\"@type\":\"ListItem\",\"position\":1,\"name\":\"Home\",\"item\":\"https:\\\/\\\/unatc.ro\\\/devunatc\\\/\"},{\"@type\":\"ListItem\",\"position\":2,\"name\":\"Cercetare\",\"item\":\"https:\\\/\\\/unatc.ro\\\/devunatc\\\/cercetare\\\/\"},{\"@type\":\"ListItem\",\"position\":3,\"name\":\"CINETic\"}]},{\"@type\":\"WebSite\",\"@id\":\"https:\\\/\\\/unatc.ro\\\/devunatc\\\/#website\",\"url\":\"https:\\\/\\\/unatc.ro\\\/devunatc\\\/\",\"name\":\"UNATC\",\"description\":\"\",\"publisher\":{\"@id\":\"https:\\\/\\\/unatc.ro\\\/devunatc\\\/#organization\"},\"potentialAction\":[{\"@type\":\"SearchAction\",\"target\":{\"@type\":\"EntryPoint\",\"urlTemplate\":\"https:\\\/\\\/unatc.ro\\\/devunatc\\\/?s={search_term_string}\"},\"query-input\":{\"@type\":\"PropertyValueSpecification\",\"valueRequired\":true,\"valueName\":\"search_term_string\"}}],\"inLanguage\":\"en-US\"},{\"@type\":\"Organization\",\"@id\":\"https:\\\/\\\/unatc.ro\\\/devunatc\\\/#organization\",\"name\":\"UNATC\",\"url\":\"https:\\\/\\\/unatc.ro\\\/devunatc\\\/\",\"logo\":{\"@type\":\"ImageObject\",\"inLanguage\":\"en-US\",\"@id\":\"https:\\\/\\\/unatc.ro\\\/devunatc\\\/#\\\/schema\\\/logo\\\/image\\\/\",\"url\":\"https:\\\/\\\/unatc.ro\\\/devunatc\\\/wp-content\\\/uploads\\\/2025\\\/07\\\/unatc_logo.png\",\"contentUrl\":\"https:\\\/\\\/unatc.ro\\\/devunatc\\\/wp-content\\\/uploads\\\/2025\\\/07\\\/unatc_logo.png\",\"width\":480,\"height\":469,\"caption\":\"UNATC\"},\"image\":{\"@id\":\"https:\\\/\\\/unatc.ro\\\/devunatc\\\/#\\\/schema\\\/logo\\\/image\\\/\"},\"sameAs\":[\"https:\\\/\\\/www.facebook.com\\\/UNATC.ILC\\\/\",\"https:\\\/\\\/www.youtube.com\\\/c\\\/unatcilcaragiale\",\"https:\\\/\\\/www.instagram.com\\\/unatc_ilcaragiale\\\/?hl=en\",\"https:\\\/\\\/www.tiktok.com\\\/@unatc?lang=en\"]}]}<\/script>\n<!-- \/ Yoast SEO plugin. -->","yoast_head_json":{"title":"CINETic - UNATC","robots":{"index":"index","follow":"follow","max-snippet":"max-snippet:-1","max-image-preview":"max-image-preview:large","max-video-preview":"max-video-preview:-1"},"canonical":"https:\/\/unatc.ro\/devunatc\/cercetare\/cinetic\/","og_locale":"en_US","og_type":"article","og_title":"CINETic - UNATC","og_description":"\u201eOdat\u0103 atins un anumit nivel \u00een abilit\u0103\u021bile tehnice, \u0219tiin\u021ba \u0219i arta tind s\u0103 se contopeasc\u0103 \u00een estetic\u0103, plasticitate \u0219i form\u0103....","og_url":"https:\/\/unatc.ro\/devunatc\/cercetare\/cinetic\/","og_site_name":"UNATC","article_publisher":"https:\/\/www.facebook.com\/UNATC.ILC\/","article_modified_time":"2022-04-05T14:08:44+00:00","og_image":[{"width":2560,"height":917,"url":"https:\/\/unatc.ro\/devunatc\/wp-content\/uploads\/2022\/04\/4-cinetic.png","type":"image\/png"}],"twitter_card":"summary_large_image","twitter_misc":{"Est. reading time":"4 minutes"},"schema":{"@context":"https:\/\/schema.org","@graph":[{"@type":"WebPage","@id":"https:\/\/unatc.ro\/devunatc\/cercetare\/cinetic\/","url":"https:\/\/unatc.ro\/devunatc\/cercetare\/cinetic\/","name":"CINETic - UNATC","isPartOf":{"@id":"https:\/\/unatc.ro\/devunatc\/#website"},"primaryImageOfPage":{"@id":"https:\/\/unatc.ro\/devunatc\/cercetare\/cinetic\/#primaryimage"},"image":{"@id":"https:\/\/unatc.ro\/devunatc\/cercetare\/cinetic\/#primaryimage"},"thumbnailUrl":"https:\/\/unatc.ro\/devunatc\/wp-content\/uploads\/2022\/04\/4-cinetic.png","datePublished":"2022-02-28T12:25:02+00:00","dateModified":"2022-04-05T14:08:44+00:00","breadcrumb":{"@id":"https:\/\/unatc.ro\/devunatc\/cercetare\/cinetic\/#breadcrumb"},"inLanguage":"en-US","potentialAction":[{"@type":"ReadAction","target":["https:\/\/unatc.ro\/devunatc\/cercetare\/cinetic\/"]}]},{"@type":"ImageObject","inLanguage":"en-US","@id":"https:\/\/unatc.ro\/devunatc\/cercetare\/cinetic\/#primaryimage","url":"https:\/\/unatc.ro\/devunatc\/wp-content\/uploads\/2022\/04\/4-cinetic.png","contentUrl":"https:\/\/unatc.ro\/devunatc\/wp-content\/uploads\/2022\/04\/4-cinetic.png","width":2560,"height":917},{"@type":"BreadcrumbList","@id":"https:\/\/unatc.ro\/devunatc\/cercetare\/cinetic\/#breadcrumb","itemListElement":[{"@type":"ListItem","position":1,"name":"Home","item":"https:\/\/unatc.ro\/devunatc\/"},{"@type":"ListItem","position":2,"name":"Cercetare","item":"https:\/\/unatc.ro\/devunatc\/cercetare\/"},{"@type":"ListItem","position":3,"name":"CINETic"}]},{"@type":"WebSite","@id":"https:\/\/unatc.ro\/devunatc\/#website","url":"https:\/\/unatc.ro\/devunatc\/","name":"UNATC","description":"","publisher":{"@id":"https:\/\/unatc.ro\/devunatc\/#organization"},"potentialAction":[{"@type":"SearchAction","target":{"@type":"EntryPoint","urlTemplate":"https:\/\/unatc.ro\/devunatc\/?s={search_term_string}"},"query-input":{"@type":"PropertyValueSpecification","valueRequired":true,"valueName":"search_term_string"}}],"inLanguage":"en-US"},{"@type":"Organization","@id":"https:\/\/unatc.ro\/devunatc\/#organization","name":"UNATC","url":"https:\/\/unatc.ro\/devunatc\/","logo":{"@type":"ImageObject","inLanguage":"en-US","@id":"https:\/\/unatc.ro\/devunatc\/#\/schema\/logo\/image\/","url":"https:\/\/unatc.ro\/devunatc\/wp-content\/uploads\/2025\/07\/unatc_logo.png","contentUrl":"https:\/\/unatc.ro\/devunatc\/wp-content\/uploads\/2025\/07\/unatc_logo.png","width":480,"height":469,"caption":"UNATC"},"image":{"@id":"https:\/\/unatc.ro\/devunatc\/#\/schema\/logo\/image\/"},"sameAs":["https:\/\/www.facebook.com\/UNATC.ILC\/","https:\/\/www.youtube.com\/c\/unatcilcaragiale","https:\/\/www.instagram.com\/unatc_ilcaragiale\/?hl=en","https:\/\/www.tiktok.com\/@unatc?lang=en"]}]}},"jetpack_sharing_enabled":true,"_links":{"self":[{"href":"https:\/\/unatc.ro\/devunatc\/wp-json\/wp\/v2\/pages\/7269","targetHints":{"allow":["GET"]}}],"collection":[{"href":"https:\/\/unatc.ro\/devunatc\/wp-json\/wp\/v2\/pages"}],"about":[{"href":"https:\/\/unatc.ro\/devunatc\/wp-json\/wp\/v2\/types\/page"}],"author":[{"embeddable":true,"href":"https:\/\/unatc.ro\/devunatc\/wp-json\/wp\/v2\/users\/1"}],"replies":[{"embeddable":true,"href":"https:\/\/unatc.ro\/devunatc\/wp-json\/wp\/v2\/comments?post=7269"}],"version-history":[{"count":1,"href":"https:\/\/unatc.ro\/devunatc\/wp-json\/wp\/v2\/pages\/7269\/revisions"}],"predecessor-version":[{"id":7270,"href":"https:\/\/unatc.ro\/devunatc\/wp-json\/wp\/v2\/pages\/7269\/revisions\/7270"}],"up":[{"embeddable":true,"href":"https:\/\/unatc.ro\/devunatc\/wp-json\/wp\/v2\/pages\/17"}],"wp:featuredmedia":[{"embeddable":true,"href":"https:\/\/unatc.ro\/devunatc\/wp-json\/wp\/v2\/media\/7843"}],"wp:attachment":[{"href":"https:\/\/unatc.ro\/devunatc\/wp-json\/wp\/v2\/media?parent=7269"}],"curies":[{"name":"wp","href":"https:\/\/api.w.org\/{rel}","templated":true}]}}