{"id":1158,"date":"2020-10-16T14:38:19","date_gmt":"2020-10-16T12:38:19","guid":{"rendered":"https:\/\/unatc.ro\/devunatc\/?page_id=1158"},"modified":"2025-11-21T11:13:05","modified_gmt":"2025-11-21T09:13:05","slug":"inscriere","status":"publish","type":"page","link":"https:\/\/unatc.ro\/devunatc\/scoala-de-duminica\/inscriere\/","title":{"rendered":"\u00censcriere"},"content":{"rendered":"\n<p>Modalit\u0103\u021bi de \u00eenscriere:<\/p>\n\n\n\n<ul class=\"wp-block-list\">\n<li>Prin e-mail: v\u0103 rug\u0103m sa ne trimite\u021bi formularul de \u00eenscriere completat \u0219i semnat (formular de \u00eenscriere) pe adresa scoaladeduminica@unatc.ro<\/li>\n\n\n\n<li>Pentru mai multe informa\u021bii, pute\u021bi s\u0103 ne vizita\u021bi la sediul Universit\u0103\u021bii Na\u021bionale de Art\u0103 Teatral\u0103 \u0219i Cinematografic\u0103 \u201eI.L.Caragiale\u201d, Str. Matei Voievod 75-77, sector 2, (etajul 2, sala 202B) \u00eentre orele 10:00 \u0219i 14:00, de luni p\u00e2n\u0103 vineri.<\/li>\n<\/ul>\n\n\n\n<div class=\"wp-block-file\"><a id=\"wp-block-file--media-2f55a115-03f4-4c8d-b7a7-fefa5bbefa33\" href=\"https:\/\/unatc.ro\/devunatc\/wp-content\/uploads\/2021\/10\/Formular-de-inscriere.pdf\"><meta charset=\"utf-8\">Formular de \u00eenscriere (.pdf)<\/a><a href=\"https:\/\/unatc.ro\/devunatc\/wp-content\/uploads\/2021\/10\/Formular-de-inscriere.pdf\" class=\"wp-block-file__button wp-element-button\" download aria-describedby=\"wp-block-file--media-2f55a115-03f4-4c8d-b7a7-fefa5bbefa33\">Descarc\u0103<\/a><\/div>\n\n\n\n<div class=\"wp-block-file\"><a id=\"wp-block-file--media-a3da240d-0e65-4160-a7bf-da7f134170d4\" href=\"https:\/\/unatc.ro\/devunatc\/wp-content\/uploads\/2021\/10\/Formular-de-inscriere.docx\">Formular de \u00eenscriere (.docx)<\/a><a href=\"https:\/\/unatc.ro\/devunatc\/wp-content\/uploads\/2021\/10\/Formular-de-inscriere.docx\" class=\"wp-block-file__button wp-element-button\" download aria-describedby=\"wp-block-file--media-a3da240d-0e65-4160-a7bf-da7f134170d4\">Descarc\u0103<\/a><\/div>\n\n\n\n<p><\/p>\n\n\n\n<div style=\"height:30px\" aria-hidden=\"true\" class=\"wp-block-spacer\"><\/div>\n\n\n\n<p>Responsabil proiect:<\/p>\n\n\n\n<p>Ana Sc\u0103rl\u0103tescu Telefon: 0728 050 926<br>E-mail: scoaladeduminica@unatc.ro<\/p>\n\n\n\n<p>Pentru mai multe informa\u021bii, pute\u021bi s\u0103 ne vizita\u021bi la sediul Universit\u0103\u021bii Na\u021bionale de Art\u0103 Teatral\u0103 \u0219i Cinematografic\u0103 \u201eI.L.Caragiale\u201d, Str. Matei Voievod 75-77, sector 2, (etajul 2, sala 202B) \u00eentre orele 10:00 \u0219i 14:00, de luni p\u00e2n\u0103 vineri.<\/p>\n","protected":false},"excerpt":{"rendered":"<p class=\"no-padding\">Modalit\u0103\u021bi de \u00eenscriere: Responsabil proiect: Ana Sc\u0103rl\u0103tescu Telefon: 0728 050 926E-mail: scoaladeduminica@unatc.ro Pentru mai multe informa\u021bii, pute\u021bi s\u0103 ne vizita\u021bi&#8230;<\/p>\n","protected":false},"author":1,"featured_media":1413,"parent":1151,"menu_order":0,"comment_status":"closed","ping_status":"closed","template":"template-tab-group-color.php","meta":{"footnotes":""},"class_list":["post-1158","page","type-page","status-publish","has-post-thumbnail","hentry"],"acf":{"galerie_foto":null,"titlu_prezentare_departament":"","text_prezentare_departament":"","alternative_page_title":"","page_contact_email":"scoaladeduminica@unatc.ro"},"yoast_head":"<!-- This site is optimized with the Yoast SEO plugin v27.4 - https:\/\/yoast.com\/product\/yoast-seo-wordpress\/ -->\n<title>\u00censcriere - UNATC<\/title>\n<meta name=\"robots\" content=\"index, follow, max-snippet:-1, max-image-preview:large, max-video-preview:-1\" \/>\n<link rel=\"canonical\" href=\"https:\/\/unatc.ro\/devunatc\/scoala-de-duminica\/inscriere\/\" \/>\n<meta property=\"og:locale\" content=\"en_US\" \/>\n<meta property=\"og:type\" content=\"article\" \/>\n<meta property=\"og:title\" content=\"\u00censcriere - UNATC\" \/>\n<meta property=\"og:description\" content=\"Modalit\u0103\u021bi de \u00eenscriere: Responsabil proiect: Ana Sc\u0103rl\u0103tescu Telefon: 0728 050 926E-mail: scoaladeduminica@unatc.ro Pentru mai multe informa\u021bii, pute\u021bi s\u0103 ne vizita\u021bi...\" \/>\n<meta property=\"og:url\" content=\"https:\/\/unatc.ro\/devunatc\/scoala-de-duminica\/inscriere\/\" \/>\n<meta property=\"og:site_name\" content=\"UNATC\" \/>\n<meta property=\"article:publisher\" content=\"https:\/\/www.facebook.com\/UNATC.ILC\/\" \/>\n<meta property=\"article:modified_time\" content=\"2025-11-21T09:13:05+00:00\" \/>\n<meta property=\"og:image\" content=\"https:\/\/unatc.ro\/devunatc\/wp-content\/uploads\/2020\/11\/proiecte-scaled.jpg\" \/>\n\t<meta property=\"og:image:width\" content=\"2560\" \/>\n\t<meta property=\"og:image:height\" content=\"917\" \/>\n\t<meta property=\"og:image:type\" content=\"image\/jpeg\" \/>\n<meta name=\"twitter:card\" content=\"summary_large_image\" \/>\n<meta name=\"twitter:label1\" content=\"Est. reading time\" \/>\n\t<meta name=\"twitter:data1\" content=\"1 minute\" \/>\n<script type=\"application\/ld+json\" class=\"yoast-schema-graph\">{\"@context\":\"https:\\\/\\\/schema.org\",\"@graph\":[{\"@type\":\"WebPage\",\"@id\":\"https:\\\/\\\/unatc.ro\\\/devunatc\\\/scoala-de-duminica\\\/inscriere\\\/\",\"url\":\"https:\\\/\\\/unatc.ro\\\/devunatc\\\/scoala-de-duminica\\\/inscriere\\\/\",\"name\":\"\u00censcriere - UNATC\",\"isPartOf\":{\"@id\":\"https:\\\/\\\/unatc.ro\\\/devunatc\\\/#website\"},\"primaryImageOfPage\":{\"@id\":\"https:\\\/\\\/unatc.ro\\\/devunatc\\\/scoala-de-duminica\\\/inscriere\\\/#primaryimage\"},\"image\":{\"@id\":\"https:\\\/\\\/unatc.ro\\\/devunatc\\\/scoala-de-duminica\\\/inscriere\\\/#primaryimage\"},\"thumbnailUrl\":\"https:\\\/\\\/unatc.ro\\\/devunatc\\\/wp-content\\\/uploads\\\/2020\\\/11\\\/proiecte-scaled.jpg\",\"datePublished\":\"2020-10-16T12:38:19+00:00\",\"dateModified\":\"2025-11-21T09:13:05+00:00\",\"breadcrumb\":{\"@id\":\"https:\\\/\\\/unatc.ro\\\/devunatc\\\/scoala-de-duminica\\\/inscriere\\\/#breadcrumb\"},\"inLanguage\":\"en-US\",\"potentialAction\":[{\"@type\":\"ReadAction\",\"target\":[\"https:\\\/\\\/unatc.ro\\\/devunatc\\\/scoala-de-duminica\\\/inscriere\\\/\"]}]},{\"@type\":\"ImageObject\",\"inLanguage\":\"en-US\",\"@id\":\"https:\\\/\\\/unatc.ro\\\/devunatc\\\/scoala-de-duminica\\\/inscriere\\\/#primaryimage\",\"url\":\"https:\\\/\\\/unatc.ro\\\/devunatc\\\/wp-content\\\/uploads\\\/2020\\\/11\\\/proiecte-scaled.jpg\",\"contentUrl\":\"https:\\\/\\\/unatc.ro\\\/devunatc\\\/wp-content\\\/uploads\\\/2020\\\/11\\\/proiecte-scaled.jpg\",\"width\":2560,\"height\":917},{\"@type\":\"BreadcrumbList\",\"@id\":\"https:\\\/\\\/unatc.ro\\\/devunatc\\\/scoala-de-duminica\\\/inscriere\\\/#breadcrumb\",\"itemListElement\":[{\"@type\":\"ListItem\",\"position\":1,\"name\":\"Home\",\"item\":\"https:\\\/\\\/unatc.ro\\\/devunatc\\\/\"},{\"@type\":\"ListItem\",\"position\":2,\"name\":\"\u0218coala de duminic\u0103\",\"item\":\"https:\\\/\\\/unatc.ro\\\/devunatc\\\/scoala-de-duminica\\\/\"},{\"@type\":\"ListItem\",\"position\":3,\"name\":\"\u00censcriere\"}]},{\"@type\":\"WebSite\",\"@id\":\"https:\\\/\\\/unatc.ro\\\/devunatc\\\/#website\",\"url\":\"https:\\\/\\\/unatc.ro\\\/devunatc\\\/\",\"name\":\"UNATC\",\"description\":\"\",\"publisher\":{\"@id\":\"https:\\\/\\\/unatc.ro\\\/devunatc\\\/#organization\"},\"potentialAction\":[{\"@type\":\"SearchAction\",\"target\":{\"@type\":\"EntryPoint\",\"urlTemplate\":\"https:\\\/\\\/unatc.ro\\\/devunatc\\\/?s={search_term_string}\"},\"query-input\":{\"@type\":\"PropertyValueSpecification\",\"valueRequired\":true,\"valueName\":\"search_term_string\"}}],\"inLanguage\":\"en-US\"},{\"@type\":\"Organization\",\"@id\":\"https:\\\/\\\/unatc.ro\\\/devunatc\\\/#organization\",\"name\":\"UNATC\",\"url\":\"https:\\\/\\\/unatc.ro\\\/devunatc\\\/\",\"logo\":{\"@type\":\"ImageObject\",\"inLanguage\":\"en-US\",\"@id\":\"https:\\\/\\\/unatc.ro\\\/devunatc\\\/#\\\/schema\\\/logo\\\/image\\\/\",\"url\":\"https:\\\/\\\/unatc.ro\\\/devunatc\\\/wp-content\\\/uploads\\\/2025\\\/07\\\/unatc_logo.png\",\"contentUrl\":\"https:\\\/\\\/unatc.ro\\\/devunatc\\\/wp-content\\\/uploads\\\/2025\\\/07\\\/unatc_logo.png\",\"width\":480,\"height\":469,\"caption\":\"UNATC\"},\"image\":{\"@id\":\"https:\\\/\\\/unatc.ro\\\/devunatc\\\/#\\\/schema\\\/logo\\\/image\\\/\"},\"sameAs\":[\"https:\\\/\\\/www.facebook.com\\\/UNATC.ILC\\\/\",\"https:\\\/\\\/www.youtube.com\\\/c\\\/unatcilcaragiale\",\"https:\\\/\\\/www.instagram.com\\\/unatc_ilcaragiale\\\/?hl=en\",\"https:\\\/\\\/www.tiktok.com\\\/@unatc?lang=en\"]}]}<\/script>\n<!-- \/ Yoast SEO plugin. -->","yoast_head_json":{"title":"\u00censcriere - UNATC","robots":{"index":"index","follow":"follow","max-snippet":"max-snippet:-1","max-image-preview":"max-image-preview:large","max-video-preview":"max-video-preview:-1"},"canonical":"https:\/\/unatc.ro\/devunatc\/scoala-de-duminica\/inscriere\/","og_locale":"en_US","og_type":"article","og_title":"\u00censcriere - UNATC","og_description":"Modalit\u0103\u021bi de \u00eenscriere: Responsabil proiect: Ana Sc\u0103rl\u0103tescu Telefon: 0728 050 926E-mail: scoaladeduminica@unatc.ro Pentru mai multe informa\u021bii, pute\u021bi s\u0103 ne vizita\u021bi...","og_url":"https:\/\/unatc.ro\/devunatc\/scoala-de-duminica\/inscriere\/","og_site_name":"UNATC","article_publisher":"https:\/\/www.facebook.com\/UNATC.ILC\/","article_modified_time":"2025-11-21T09:13:05+00:00","og_image":[{"width":2560,"height":917,"url":"https:\/\/unatc.ro\/devunatc\/wp-content\/uploads\/2020\/11\/proiecte-scaled.jpg","type":"image\/jpeg"}],"twitter_card":"summary_large_image","twitter_misc":{"Est. reading time":"1 minute"},"schema":{"@context":"https:\/\/schema.org","@graph":[{"@type":"WebPage","@id":"https:\/\/unatc.ro\/devunatc\/scoala-de-duminica\/inscriere\/","url":"https:\/\/unatc.ro\/devunatc\/scoala-de-duminica\/inscriere\/","name":"\u00censcriere - UNATC","isPartOf":{"@id":"https:\/\/unatc.ro\/devunatc\/#website"},"primaryImageOfPage":{"@id":"https:\/\/unatc.ro\/devunatc\/scoala-de-duminica\/inscriere\/#primaryimage"},"image":{"@id":"https:\/\/unatc.ro\/devunatc\/scoala-de-duminica\/inscriere\/#primaryimage"},"thumbnailUrl":"https:\/\/unatc.ro\/devunatc\/wp-content\/uploads\/2020\/11\/proiecte-scaled.jpg","datePublished":"2020-10-16T12:38:19+00:00","dateModified":"2025-11-21T09:13:05+00:00","breadcrumb":{"@id":"https:\/\/unatc.ro\/devunatc\/scoala-de-duminica\/inscriere\/#breadcrumb"},"inLanguage":"en-US","potentialAction":[{"@type":"ReadAction","target":["https:\/\/unatc.ro\/devunatc\/scoala-de-duminica\/inscriere\/"]}]},{"@type":"ImageObject","inLanguage":"en-US","@id":"https:\/\/unatc.ro\/devunatc\/scoala-de-duminica\/inscriere\/#primaryimage","url":"https:\/\/unatc.ro\/devunatc\/wp-content\/uploads\/2020\/11\/proiecte-scaled.jpg","contentUrl":"https:\/\/unatc.ro\/devunatc\/wp-content\/uploads\/2020\/11\/proiecte-scaled.jpg","width":2560,"height":917},{"@type":"BreadcrumbList","@id":"https:\/\/unatc.ro\/devunatc\/scoala-de-duminica\/inscriere\/#breadcrumb","itemListElement":[{"@type":"ListItem","position":1,"name":"Home","item":"https:\/\/unatc.ro\/devunatc\/"},{"@type":"ListItem","position":2,"name":"\u0218coala de duminic\u0103","item":"https:\/\/unatc.ro\/devunatc\/scoala-de-duminica\/"},{"@type":"ListItem","position":3,"name":"\u00censcriere"}]},{"@type":"WebSite","@id":"https:\/\/unatc.ro\/devunatc\/#website","url":"https:\/\/unatc.ro\/devunatc\/","name":"UNATC","description":"","publisher":{"@id":"https:\/\/unatc.ro\/devunatc\/#organization"},"potentialAction":[{"@type":"SearchAction","target":{"@type":"EntryPoint","urlTemplate":"https:\/\/unatc.ro\/devunatc\/?s={search_term_string}"},"query-input":{"@type":"PropertyValueSpecification","valueRequired":true,"valueName":"search_term_string"}}],"inLanguage":"en-US"},{"@type":"Organization","@id":"https:\/\/unatc.ro\/devunatc\/#organization","name":"UNATC","url":"https:\/\/unatc.ro\/devunatc\/","logo":{"@type":"ImageObject","inLanguage":"en-US","@id":"https:\/\/unatc.ro\/devunatc\/#\/schema\/logo\/image\/","url":"https:\/\/unatc.ro\/devunatc\/wp-content\/uploads\/2025\/07\/unatc_logo.png","contentUrl":"https:\/\/unatc.ro\/devunatc\/wp-content\/uploads\/2025\/07\/unatc_logo.png","width":480,"height":469,"caption":"UNATC"},"image":{"@id":"https:\/\/unatc.ro\/devunatc\/#\/schema\/logo\/image\/"},"sameAs":["https:\/\/www.facebook.com\/UNATC.ILC\/","https:\/\/www.youtube.com\/c\/unatcilcaragiale","https:\/\/www.instagram.com\/unatc_ilcaragiale\/?hl=en","https:\/\/www.tiktok.com\/@unatc?lang=en"]}]}},"jetpack_sharing_enabled":true,"_links":{"self":[{"href":"https:\/\/unatc.ro\/devunatc\/wp-json\/wp\/v2\/pages\/1158","targetHints":{"allow":["GET"]}}],"collection":[{"href":"https:\/\/unatc.ro\/devunatc\/wp-json\/wp\/v2\/pages"}],"about":[{"href":"https:\/\/unatc.ro\/devunatc\/wp-json\/wp\/v2\/types\/page"}],"author":[{"embeddable":true,"href":"https:\/\/unatc.ro\/devunatc\/wp-json\/wp\/v2\/users\/1"}],"replies":[{"embeddable":true,"href":"https:\/\/unatc.ro\/devunatc\/wp-json\/wp\/v2\/comments?post=1158"}],"version-history":[{"count":34,"href":"https:\/\/unatc.ro\/devunatc\/wp-json\/wp\/v2\/pages\/1158\/revisions"}],"predecessor-version":[{"id":15975,"href":"https:\/\/unatc.ro\/devunatc\/wp-json\/wp\/v2\/pages\/1158\/revisions\/15975"}],"up":[{"embeddable":true,"href":"https:\/\/unatc.ro\/devunatc\/wp-json\/wp\/v2\/pages\/1151"}],"wp:featuredmedia":[{"embeddable":true,"href":"https:\/\/unatc.ro\/devunatc\/wp-json\/wp\/v2\/media\/1413"}],"wp:attachment":[{"href":"https:\/\/unatc.ro\/devunatc\/wp-json\/wp\/v2\/media?parent=1158"}],"curies":[{"name":"wp","href":"https:\/\/api.w.org\/{rel}","templated":true}]}}