{"id":1151,"date":"2020-10-16T14:35:36","date_gmt":"2020-10-16T12:35:36","guid":{"rendered":"https:\/\/unatc.ro\/devunatc\/?page_id=1151"},"modified":"2024-03-06T12:46:52","modified_gmt":"2024-03-06T10:46:52","slug":"scoala-de-duminica","status":"publish","type":"page","link":"https:\/\/unatc.ro\/devunatc\/scoala-de-duminica\/","title":{"rendered":"\u0218coala de duminic\u0103"},"content":{"rendered":"\n<p><strong>prezint\u0103 noul program<br>\u201eUNATC Alternativ\u201d<\/strong><\/p>\n\n\n\n<p>Universitatea Na\u021bional\u0103 de Art\u0103 Teatral\u0103 \u0219i Cinematografic\u0103 \u201dI.L.Caragiale\u201d Bucure\u0219ti \u00eencepe o nou\u0103 sesiune de cursuri deschise publicului larg. Indiferent de v\u00e2rst\u0103 sau preg\u0103tire, programul UNATC Alternativ \u2013 \u0218coala de Duminic\u0103 ofer\u0103 tuturor \u0219ansa de a studia specializ\u0103ri din domeniul teatrului \u0219i cinematografiei \u00eentr-un format de scurt\u0103 durat\u0103. De peste zece ani, UNATC r\u0103m\u00e2ne dedicat pasiunii pentru art\u0103, oferind oricui \u0219ansa unei preg\u0103tiri intensive, \u00eentr-un mediu academic de excelen\u021b\u0103.<\/p>\n\n\n\n<p>UNATC Alternativ este centrat pe cursuri intensive, eficiente din punct de vedere al timpului \u0219i cu un con\u021binut bogat de cunoa\u0219tere aplicat\u0103. Conceptul este dedicat omului modern care dore\u0219te s\u0103-\u0219i dezvolte noi abilit\u0103\u021bi creative, f\u0103r\u0103 a se dedice statutului de student permanent. Am conceput UNATC Alternativ din dorin\u021ba de a r\u0103spunde acestei nevoi printr-un program eficient, dedicat tuturor.<\/p>\n\n\n\n<p>Cursurile sunt organizate \u00een mai multe \u0219edin\u021be desf\u0103\u0219urate \u00een fiecare duminic\u0103. Programarea \u0219edin\u021belor va fi stabilit\u0103 de c\u0103tre profesor \u00eempreun\u0103 cu participan\u021bii.<\/p>\n\n\n\n<p>La finalul cursului fiecare participant va ob\u0163ine o diplom\u0103 de participare eliberat\u0103 de UNATC.<\/p>\n\n\n\n<p>\u0218COALA DE DUMINIC\u0102 este un proiect educativ destinat tuturor categoriilor de v\u00e2rst\u0103, indiferent de preg\u0103tirea profesional\u0103, girat de Universitatea Na\u0163ional\u0103 de Art\u0103 Teatral\u0103 \u015fi Cinematografic\u0103 \u2019\u2019I.L.Caragiale\u2019\u2019.&nbsp;<\/p>\n\n\n\n<p>\u0218COALA DE DUMINIC\u0102 ofer\u0103 un cadru profesionist de preg\u0103tire teoretic\u0103 \u015fi practic\u0103 celor care vor s\u0103 dob\u00e2ndeasc\u0103 no\u0163iuni elementare \u015fi practici avansate \u00een domenii \u00een care, ast\u0103zi, se investe\u015fte extrem de pu\u0163in \u00een \u00eenv\u0103\u0163\u0103m\u00e2ntul rom\u00e2nesc.\u00a0<\/p>\n\n\n\n<p>\u0218COALA DE DUMINIC\u0102 \u00ee\u015fi propune s\u0103 implementeze un model educa\u0163ional bazat pe c\u00e2teva no\u0163iuni de baz\u0103: accesul la cultur\u0103 \u015fi la no\u0163iuni fundamentale din domeniile de referin\u0163\u0103 teatru \u015fi film, promovarea unor cursuri concepute interactiv, diseminarea informa\u0163iilor de specialitate \u015fi formarea unui mod de a g\u00e2ndi teatral \u015fi cinematografic.<\/p>\n","protected":false},"excerpt":{"rendered":"<p class=\"no-padding\">prezint\u0103 noul program\u201eUNATC Alternativ\u201d Universitatea Na\u021bional\u0103 de Art\u0103 Teatral\u0103 \u0219i Cinematografic\u0103 \u201dI.L.Caragiale\u201d Bucure\u0219ti \u00eencepe o nou\u0103 sesiune de cursuri deschise&#8230;<\/p>\n","protected":false},"author":1,"featured_media":1413,"parent":0,"menu_order":0,"comment_status":"closed","ping_status":"closed","template":"template-tab-group.php","meta":{"footnotes":""},"class_list":["post-1151","page","type-page","status-publish","has-post-thumbnail","hentry"],"acf":{"galerie_foto":null,"alternative_page_title":"","page_contact_email":"scoaladeduminica@unatc.ro"},"yoast_head":"<!-- This site is optimized with the Yoast SEO plugin v27.5 - https:\/\/yoast.com\/product\/yoast-seo-wordpress\/ -->\n<title>\u0218coala de duminic\u0103 - UNATC<\/title>\n<meta name=\"robots\" content=\"index, follow, max-snippet:-1, max-image-preview:large, max-video-preview:-1\" \/>\n<link rel=\"canonical\" href=\"https:\/\/unatc.ro\/devunatc\/scoala-de-duminica\/\" \/>\n<meta property=\"og:locale\" content=\"en_US\" \/>\n<meta property=\"og:type\" content=\"article\" \/>\n<meta property=\"og:title\" content=\"\u0218coala de duminic\u0103 - UNATC\" \/>\n<meta property=\"og:description\" content=\"prezint\u0103 noul program\u201eUNATC Alternativ\u201d Universitatea Na\u021bional\u0103 de Art\u0103 Teatral\u0103 \u0219i Cinematografic\u0103 \u201dI.L.Caragiale\u201d Bucure\u0219ti \u00eencepe o nou\u0103 sesiune de cursuri deschise...\" \/>\n<meta property=\"og:url\" content=\"https:\/\/unatc.ro\/devunatc\/scoala-de-duminica\/\" \/>\n<meta property=\"og:site_name\" content=\"UNATC\" \/>\n<meta property=\"article:publisher\" content=\"https:\/\/www.facebook.com\/UNATC.ILC\/\" \/>\n<meta property=\"article:modified_time\" content=\"2024-03-06T10:46:52+00:00\" \/>\n<meta property=\"og:image\" content=\"https:\/\/unatc.ro\/devunatc\/wp-content\/uploads\/2020\/11\/proiecte-scaled.jpg\" \/>\n\t<meta property=\"og:image:width\" content=\"2560\" \/>\n\t<meta property=\"og:image:height\" content=\"917\" \/>\n\t<meta property=\"og:image:type\" content=\"image\/jpeg\" \/>\n<meta name=\"twitter:card\" content=\"summary_large_image\" \/>\n<meta name=\"twitter:label1\" content=\"Est. reading time\" \/>\n\t<meta name=\"twitter:data1\" content=\"2 minutes\" \/>\n<script type=\"application\/ld+json\" class=\"yoast-schema-graph\">{\"@context\":\"https:\\\/\\\/schema.org\",\"@graph\":[{\"@type\":\"WebPage\",\"@id\":\"https:\\\/\\\/unatc.ro\\\/devunatc\\\/scoala-de-duminica\\\/\",\"url\":\"https:\\\/\\\/unatc.ro\\\/devunatc\\\/scoala-de-duminica\\\/\",\"name\":\"\u0218coala de duminic\u0103 - UNATC\",\"isPartOf\":{\"@id\":\"https:\\\/\\\/unatc.ro\\\/devunatc\\\/#website\"},\"primaryImageOfPage\":{\"@id\":\"https:\\\/\\\/unatc.ro\\\/devunatc\\\/scoala-de-duminica\\\/#primaryimage\"},\"image\":{\"@id\":\"https:\\\/\\\/unatc.ro\\\/devunatc\\\/scoala-de-duminica\\\/#primaryimage\"},\"thumbnailUrl\":\"https:\\\/\\\/unatc.ro\\\/devunatc\\\/wp-content\\\/uploads\\\/2020\\\/11\\\/proiecte-scaled.jpg\",\"datePublished\":\"2020-10-16T12:35:36+00:00\",\"dateModified\":\"2024-03-06T10:46:52+00:00\",\"breadcrumb\":{\"@id\":\"https:\\\/\\\/unatc.ro\\\/devunatc\\\/scoala-de-duminica\\\/#breadcrumb\"},\"inLanguage\":\"en-US\",\"potentialAction\":[{\"@type\":\"ReadAction\",\"target\":[\"https:\\\/\\\/unatc.ro\\\/devunatc\\\/scoala-de-duminica\\\/\"]}]},{\"@type\":\"ImageObject\",\"inLanguage\":\"en-US\",\"@id\":\"https:\\\/\\\/unatc.ro\\\/devunatc\\\/scoala-de-duminica\\\/#primaryimage\",\"url\":\"https:\\\/\\\/unatc.ro\\\/devunatc\\\/wp-content\\\/uploads\\\/2020\\\/11\\\/proiecte-scaled.jpg\",\"contentUrl\":\"https:\\\/\\\/unatc.ro\\\/devunatc\\\/wp-content\\\/uploads\\\/2020\\\/11\\\/proiecte-scaled.jpg\",\"width\":2560,\"height\":917},{\"@type\":\"BreadcrumbList\",\"@id\":\"https:\\\/\\\/unatc.ro\\\/devunatc\\\/scoala-de-duminica\\\/#breadcrumb\",\"itemListElement\":[{\"@type\":\"ListItem\",\"position\":1,\"name\":\"Home\",\"item\":\"https:\\\/\\\/unatc.ro\\\/devunatc\\\/\"},{\"@type\":\"ListItem\",\"position\":2,\"name\":\"\u0218coala de duminic\u0103\"}]},{\"@type\":\"WebSite\",\"@id\":\"https:\\\/\\\/unatc.ro\\\/devunatc\\\/#website\",\"url\":\"https:\\\/\\\/unatc.ro\\\/devunatc\\\/\",\"name\":\"UNATC\",\"description\":\"\",\"publisher\":{\"@id\":\"https:\\\/\\\/unatc.ro\\\/devunatc\\\/#organization\"},\"potentialAction\":[{\"@type\":\"SearchAction\",\"target\":{\"@type\":\"EntryPoint\",\"urlTemplate\":\"https:\\\/\\\/unatc.ro\\\/devunatc\\\/?s={search_term_string}\"},\"query-input\":{\"@type\":\"PropertyValueSpecification\",\"valueRequired\":true,\"valueName\":\"search_term_string\"}}],\"inLanguage\":\"en-US\"},{\"@type\":\"Organization\",\"@id\":\"https:\\\/\\\/unatc.ro\\\/devunatc\\\/#organization\",\"name\":\"UNATC\",\"url\":\"https:\\\/\\\/unatc.ro\\\/devunatc\\\/\",\"logo\":{\"@type\":\"ImageObject\",\"inLanguage\":\"en-US\",\"@id\":\"https:\\\/\\\/unatc.ro\\\/devunatc\\\/#\\\/schema\\\/logo\\\/image\\\/\",\"url\":\"https:\\\/\\\/unatc.ro\\\/devunatc\\\/wp-content\\\/uploads\\\/2025\\\/07\\\/unatc_logo.png\",\"contentUrl\":\"https:\\\/\\\/unatc.ro\\\/devunatc\\\/wp-content\\\/uploads\\\/2025\\\/07\\\/unatc_logo.png\",\"width\":480,\"height\":469,\"caption\":\"UNATC\"},\"image\":{\"@id\":\"https:\\\/\\\/unatc.ro\\\/devunatc\\\/#\\\/schema\\\/logo\\\/image\\\/\"},\"sameAs\":[\"https:\\\/\\\/www.facebook.com\\\/UNATC.ILC\\\/\",\"https:\\\/\\\/www.youtube.com\\\/c\\\/unatcilcaragiale\",\"https:\\\/\\\/www.instagram.com\\\/unatc_ilcaragiale\\\/?hl=en\",\"https:\\\/\\\/www.tiktok.com\\\/@unatc?lang=en\"]}]}<\/script>\n<!-- \/ Yoast SEO plugin. -->","yoast_head_json":{"title":"\u0218coala de duminic\u0103 - UNATC","robots":{"index":"index","follow":"follow","max-snippet":"max-snippet:-1","max-image-preview":"max-image-preview:large","max-video-preview":"max-video-preview:-1"},"canonical":"https:\/\/unatc.ro\/devunatc\/scoala-de-duminica\/","og_locale":"en_US","og_type":"article","og_title":"\u0218coala de duminic\u0103 - UNATC","og_description":"prezint\u0103 noul program\u201eUNATC Alternativ\u201d Universitatea Na\u021bional\u0103 de Art\u0103 Teatral\u0103 \u0219i Cinematografic\u0103 \u201dI.L.Caragiale\u201d Bucure\u0219ti \u00eencepe o nou\u0103 sesiune de cursuri deschise...","og_url":"https:\/\/unatc.ro\/devunatc\/scoala-de-duminica\/","og_site_name":"UNATC","article_publisher":"https:\/\/www.facebook.com\/UNATC.ILC\/","article_modified_time":"2024-03-06T10:46:52+00:00","og_image":[{"width":2560,"height":917,"url":"https:\/\/unatc.ro\/devunatc\/wp-content\/uploads\/2020\/11\/proiecte-scaled.jpg","type":"image\/jpeg"}],"twitter_card":"summary_large_image","twitter_misc":{"Est. reading time":"2 minutes"},"schema":{"@context":"https:\/\/schema.org","@graph":[{"@type":"WebPage","@id":"https:\/\/unatc.ro\/devunatc\/scoala-de-duminica\/","url":"https:\/\/unatc.ro\/devunatc\/scoala-de-duminica\/","name":"\u0218coala de duminic\u0103 - UNATC","isPartOf":{"@id":"https:\/\/unatc.ro\/devunatc\/#website"},"primaryImageOfPage":{"@id":"https:\/\/unatc.ro\/devunatc\/scoala-de-duminica\/#primaryimage"},"image":{"@id":"https:\/\/unatc.ro\/devunatc\/scoala-de-duminica\/#primaryimage"},"thumbnailUrl":"https:\/\/unatc.ro\/devunatc\/wp-content\/uploads\/2020\/11\/proiecte-scaled.jpg","datePublished":"2020-10-16T12:35:36+00:00","dateModified":"2024-03-06T10:46:52+00:00","breadcrumb":{"@id":"https:\/\/unatc.ro\/devunatc\/scoala-de-duminica\/#breadcrumb"},"inLanguage":"en-US","potentialAction":[{"@type":"ReadAction","target":["https:\/\/unatc.ro\/devunatc\/scoala-de-duminica\/"]}]},{"@type":"ImageObject","inLanguage":"en-US","@id":"https:\/\/unatc.ro\/devunatc\/scoala-de-duminica\/#primaryimage","url":"https:\/\/unatc.ro\/devunatc\/wp-content\/uploads\/2020\/11\/proiecte-scaled.jpg","contentUrl":"https:\/\/unatc.ro\/devunatc\/wp-content\/uploads\/2020\/11\/proiecte-scaled.jpg","width":2560,"height":917},{"@type":"BreadcrumbList","@id":"https:\/\/unatc.ro\/devunatc\/scoala-de-duminica\/#breadcrumb","itemListElement":[{"@type":"ListItem","position":1,"name":"Home","item":"https:\/\/unatc.ro\/devunatc\/"},{"@type":"ListItem","position":2,"name":"\u0218coala de duminic\u0103"}]},{"@type":"WebSite","@id":"https:\/\/unatc.ro\/devunatc\/#website","url":"https:\/\/unatc.ro\/devunatc\/","name":"UNATC","description":"","publisher":{"@id":"https:\/\/unatc.ro\/devunatc\/#organization"},"potentialAction":[{"@type":"SearchAction","target":{"@type":"EntryPoint","urlTemplate":"https:\/\/unatc.ro\/devunatc\/?s={search_term_string}"},"query-input":{"@type":"PropertyValueSpecification","valueRequired":true,"valueName":"search_term_string"}}],"inLanguage":"en-US"},{"@type":"Organization","@id":"https:\/\/unatc.ro\/devunatc\/#organization","name":"UNATC","url":"https:\/\/unatc.ro\/devunatc\/","logo":{"@type":"ImageObject","inLanguage":"en-US","@id":"https:\/\/unatc.ro\/devunatc\/#\/schema\/logo\/image\/","url":"https:\/\/unatc.ro\/devunatc\/wp-content\/uploads\/2025\/07\/unatc_logo.png","contentUrl":"https:\/\/unatc.ro\/devunatc\/wp-content\/uploads\/2025\/07\/unatc_logo.png","width":480,"height":469,"caption":"UNATC"},"image":{"@id":"https:\/\/unatc.ro\/devunatc\/#\/schema\/logo\/image\/"},"sameAs":["https:\/\/www.facebook.com\/UNATC.ILC\/","https:\/\/www.youtube.com\/c\/unatcilcaragiale","https:\/\/www.instagram.com\/unatc_ilcaragiale\/?hl=en","https:\/\/www.tiktok.com\/@unatc?lang=en"]}]}},"jetpack_sharing_enabled":true,"_links":{"self":[{"href":"https:\/\/unatc.ro\/devunatc\/wp-json\/wp\/v2\/pages\/1151","targetHints":{"allow":["GET"]}}],"collection":[{"href":"https:\/\/unatc.ro\/devunatc\/wp-json\/wp\/v2\/pages"}],"about":[{"href":"https:\/\/unatc.ro\/devunatc\/wp-json\/wp\/v2\/types\/page"}],"author":[{"embeddable":true,"href":"https:\/\/unatc.ro\/devunatc\/wp-json\/wp\/v2\/users\/1"}],"replies":[{"embeddable":true,"href":"https:\/\/unatc.ro\/devunatc\/wp-json\/wp\/v2\/comments?post=1151"}],"version-history":[{"count":23,"href":"https:\/\/unatc.ro\/devunatc\/wp-json\/wp\/v2\/pages\/1151\/revisions"}],"predecessor-version":[{"id":12915,"href":"https:\/\/unatc.ro\/devunatc\/wp-json\/wp\/v2\/pages\/1151\/revisions\/12915"}],"wp:featuredmedia":[{"embeddable":true,"href":"https:\/\/unatc.ro\/devunatc\/wp-json\/wp\/v2\/media\/1413"}],"wp:attachment":[{"href":"https:\/\/unatc.ro\/devunatc\/wp-json\/wp\/v2\/media?parent=1151"}],"curies":[{"name":"wp","href":"https:\/\/api.w.org\/{rel}","templated":true}]}}